CRAN Package Check Results for Package ABACUS

Last updated on 2021-12-08 22:57:28 CET.

Flavor Version Tinstall Tcheck Ttotal Status Flags
r-devel-linux-x86_64-debian-clang 1.0.0 5.66 63.62 69.28 NOTE
r-devel-linux-x86_64-debian-gcc 1.0.0 4.12 47.62 51.74 NOTE
r-devel-linux-x86_64-fedora-clang 1.0.0 84.73 NOTE
r-devel-linux-x86_64-fedora-gcc 1.0.0 77.16 NOTE
r-devel-windows-x86_64-new-UL 1.0.0 14.00 116.00 130.00 NOTE
r-devel-windows-x86_64-new-TK 1.0.0 NOTE
r-devel-windows-x86_64-old 1.0.0 10.00 86.00 96.00 NOTE
r-patched-linux-x86_64 1.0.0 5.17 62.20 67.37 NOTE
r-release-linux-x86_64 1.0.0 5.27 60.55 65.82 NOTE
r-release-macos-arm64 1.0.0 NOTE
r-release-macos-x86_64 1.0.0 NOTE
r-release-windows-ix86+x86_64 1.0.0 11.00 76.00 87.00 NOTE
r-oldrel-macos-x86_64 1.0.0 OK
r-oldrel-windows-ix86+x86_64 1.0.0 16.00 81.00 97.00 OK

Check Details

Version: 1.0.0
Check: LazyData
Result: NOTE
     'LazyData' is specified without a 'data' directory
Flavors: r-devel-linux-x86_64-debian-clang, r-devel-linux-x86_64-debian-gcc, r-devel-linux-x86_64-fedora-clang, r-devel-linux-x86_64-fedora-gcc, r-devel-windows-x86_64-new-UL, r-devel-windows-x86_64-new-TK, r-devel-windows-x86_64-old, r-patched-linux-x86_64, r-release-linux-x86_64, r-release-macos-arm64, r-release-macos-x86_64, r-release-windows-ix86+x86_64