Last updated on 2022-05-19 22:54:03 CEST.
Flavor | Version | Tinstall | Tcheck | Ttotal | Status | Flags |
---|---|---|---|---|---|---|
r-devel-linux-x86_64-debian-clang | 0.1.0 | 6.87 | 74.56 | 81.43 | NOTE | |
r-devel-linux-x86_64-debian-gcc | 0.1.0 | 5.35 | 54.81 | 60.16 | NOTE | |
r-devel-linux-x86_64-fedora-clang | 0.1.0 | 96.13 | NOTE | |||
r-devel-linux-x86_64-fedora-gcc | 0.1.0 | 94.73 | NOTE | |||
r-devel-windows-x86_64 | 0.1.0 | 22.00 | 86.00 | 108.00 | NOTE | |
r-patched-linux-x86_64 | 0.1.0 | 7.39 | 70.67 | 78.06 | NOTE | |
r-release-linux-x86_64 | 0.1.0 | 5.71 | 72.02 | 77.73 | NOTE | |
r-release-macos-arm64 | 0.1.0 | 27.00 | NOTE | |||
r-release-macos-x86_64 | 0.1.0 | 39.00 | NOTE | |||
r-release-windows-x86_64 | 0.1.0 | 38.00 | 88.00 | 126.00 | NOTE | |
r-oldrel-macos-arm64 | 0.1.0 | 35.00 | NOTE | |||
r-oldrel-macos-x86_64 | 0.1.0 | 45.00 | NOTE | |||
r-oldrel-windows-ix86+x86_64 | 0.1.0 | 19.00 | 81.00 | 100.00 | NOTE |
Version: 0.1.0
Check: LazyData
Result: NOTE
'LazyData' is specified without a 'data' directory
Flavors: r-devel-linux-x86_64-debian-clang, r-devel-linux-x86_64-debian-gcc, r-devel-linux-x86_64-fedora-clang, r-devel-linux-x86_64-fedora-gcc, r-devel-windows-x86_64, r-patched-linux-x86_64, r-release-linux-x86_64, r-release-macos-arm64, r-release-macos-x86_64, r-release-windows-x86_64, r-oldrel-macos-arm64, r-oldrel-macos-x86_64, r-oldrel-windows-ix86+x86_64