CRAN Package Check Results for Package AHPhybrid

Last updated on 2022-09-24 22:54:30 CEST.

Flavor Version Tinstall Tcheck Ttotal Status Flags
r-devel-linux-x86_64-debian-clang 0.1.0 1.72 21.94 23.66 NOTE
r-devel-linux-x86_64-debian-gcc 0.1.0 1.61 11.89 13.50 NOTE
r-devel-linux-x86_64-fedora-clang 0.1.0 40.87 NOTE
r-devel-linux-x86_64-fedora-gcc 0.1.0 39.45 NOTE
r-devel-windows-x86_64 0.1.0 8.00 50.00 58.00 NOTE
r-patched-linux-x86_64 0.1.0 2.10 22.38 24.48 NOTE
r-release-linux-x86_64 0.1.0 1.81 21.07 22.88 NOTE
r-release-macos-arm64 0.1.0 16.00 NOTE
r-release-macos-x86_64 0.1.0 21.00 NOTE
r-release-windows-x86_64 0.1.0 4.00 44.00 48.00 NOTE
r-oldrel-macos-arm64 0.1.0 22.00 NOTE
r-oldrel-macos-x86_64 0.1.0 26.00 NOTE
r-oldrel-windows-ix86+x86_64 0.1.0 5.00 35.00 40.00 NOTE

Check Details

Version: 0.1.0
Check: LazyData
Result: NOTE
     'LazyData' is specified without a 'data' directory
Flavors: r-devel-linux-x86_64-debian-clang, r-devel-linux-x86_64-debian-gcc, r-devel-linux-x86_64-fedora-clang, r-devel-linux-x86_64-fedora-gcc, r-devel-windows-x86_64, r-patched-linux-x86_64, r-release-linux-x86_64, r-release-macos-arm64, r-release-macos-x86_64, r-release-windows-x86_64, r-oldrel-macos-arm64, r-oldrel-macos-x86_64, r-oldrel-windows-ix86+x86_64