CRAN Package Check Results for Package AID

Last updated on 2022-01-16 22:51:05 CET.

Flavor Version Tinstall Tcheck Ttotal Status Flags
r-devel-linux-x86_64-debian-clang 2.6 11.37 120.59 131.96 OK
r-devel-linux-x86_64-debian-gcc 2.6 10.13 100.17 110.30 OK
r-devel-linux-x86_64-fedora-clang 2.6 158.98 OK
r-devel-linux-x86_64-fedora-gcc 2.6 153.63 OK
r-devel-windows-x86_64-new-UL 2.6 27.00 147.00 174.00 OK
r-devel-windows-x86_64-new-TK 2.6 ERROR
r-patched-linux-x86_64 2.6 9.43 114.30 123.73 OK
r-release-linux-x86_64 2.6 OK
r-release-macos-arm64 2.6 OK
r-release-macos-x86_64 2.6 OK
r-release-windows-ix86+x86_64 2.6 30.00 130.00 160.00 OK
r-oldrel-macos-x86_64 2.6 OK
r-oldrel-windows-ix86+x86_64 2.6 32.00 133.00 165.00 OK

Check Details

Version: 2.6
Check: package dependencies
Result: ERROR
    Package required but not available: 'meta'
    
    Package suggested but not available for checking: 'onewaytests'
    
    See section 'The DESCRIPTION file' in the 'Writing R Extensions'
    manual.
Flavor: r-devel-windows-x86_64-new-TK