CRAN Package Check Results for Package ALSM

Last updated on 2022-01-16 22:51:05 CET.

Flavor Version Tinstall Tcheck Ttotal Status Flags
r-devel-linux-x86_64-debian-clang 0.2.0 4.71 45.57 50.28 OK
r-devel-linux-x86_64-debian-gcc 0.2.0 4.72 38.41 43.13 OK
r-devel-linux-x86_64-fedora-clang 0.2.0 63.82 OK
r-devel-linux-x86_64-fedora-gcc 0.2.0 54.85 OK
r-devel-windows-x86_64-new-UL 0.2.0 61.00 74.00 135.00 OK
r-devel-windows-x86_64-new-TK 0.2.0 ERROR
r-patched-linux-x86_64 0.2.0 5.77 44.90 50.67 OK
r-release-linux-x86_64 0.2.0 OK
r-release-macos-arm64 0.2.0 OK
r-release-macos-x86_64 0.2.0 OK
r-release-windows-ix86+x86_64 0.2.0 13.00 59.00 72.00 OK
r-oldrel-macos-x86_64 0.2.0 OK
r-oldrel-windows-ix86+x86_64 0.2.0 11.00 57.00 68.00 OK

Check Details

Version: 0.2.0
Check: package dependencies
Result: ERROR
    Package required but not available: 'car'
    
    See section 'The DESCRIPTION file' in the 'Writing R Extensions'
    manual.
Flavor: r-devel-windows-x86_64-new-TK