CRAN Package Check Results for Package APtools

Last updated on 2024-02-29 22:58:38 CET.

Flavor Version Tinstall Tcheck Ttotal Status Flags
r-devel-linux-x86_64-debian-clang 6.8.8 9.24 82.21 91.45 NOTE
r-devel-linux-x86_64-debian-gcc 6.8.8 8.00 62.25 70.25 NOTE
r-devel-linux-x86_64-fedora-clang 6.8.8 118.91 NOTE
r-devel-linux-x86_64-fedora-gcc 6.8.8 111.67 NOTE
r-devel-windows-x86_64 6.8.8 8.00 93.00 101.00 OK
r-patched-linux-x86_64 6.8.8 9.77 81.60 91.37 NOTE
r-release-linux-x86_64 6.8.8 9.33 82.02 91.35 NOTE
r-release-macos-arm64 6.8.8 34.00 OK
r-release-macos-x86_64 6.8.8 59.00 OK
r-release-windows-x86_64 6.8.8 10.00 88.00 98.00 OK
r-oldrel-macos-arm64 6.8.8 34.00 OK
r-oldrel-windows-x86_64 6.8.8 11.00 96.00 107.00 OK

Check Details

Version: 6.8.8
Check: for non-standard things in the check directory
Result: NOTE Found the following files/directories: ‘APBinary_PPV.csv’ ‘APBinary_TPF.csv’ ‘APBinary_ap_summary(method=perturbation,B=1500).csv’ ‘APBinary_auc_summary(method=perturbation,B=1500).csv’ ‘APSurv_PPV.csv’ ‘APSurv_TPF.csv’ ‘APSurv_ap_summary(method=bootstrap,B=500).csv’ ‘APSurv_auc_summary(method=bootstrap,B=500).csv’ ‘CompareAP_Binary_dap_summary(method=none).csv’ ‘CompareAP_Survival_dap_summary(method=bootstrap,B=500).csv’ Flavors: r-devel-linux-x86_64-debian-clang, r-devel-linux-x86_64-debian-gcc, r-devel-linux-x86_64-fedora-clang, r-devel-linux-x86_64-fedora-gcc, r-patched-linux-x86_64, r-release-linux-x86_64