Last updated on 2022-05-21 22:58:08 CEST.
Flavor | Version | Tinstall | Tcheck | Ttotal | Status | Flags |
---|---|---|---|---|---|---|
r-devel-linux-x86_64-debian-clang | 0.9.45 | 26.06 | 84.80 | 110.86 | NOTE | |
r-devel-linux-x86_64-debian-gcc | 0.9.45 | 21.21 | 63.94 | 85.15 | NOTE | |
r-devel-linux-x86_64-fedora-clang | 0.9.45 | 139.24 | NOTE | |||
r-devel-linux-x86_64-fedora-gcc | 0.9.45 | 131.78 | NOTE | |||
r-devel-windows-x86_64 | 0.9.45 | 83.00 | 118.00 | 201.00 | NOTE | |
r-patched-linux-x86_64 | 0.9.45 | 23.59 | 80.33 | 103.92 | NOTE | |
r-release-linux-x86_64 | 0.9.45 | 22.79 | 82.18 | 104.97 | NOTE | |
r-release-macos-arm64 | 0.9.45 | 39.00 | NOTE | |||
r-release-macos-x86_64 | 0.9.45 | 59.00 | NOTE | |||
r-release-windows-x86_64 | 0.9.45 | 72.00 | 122.00 | 194.00 | NOTE | |
r-oldrel-macos-arm64 | 0.9.45 | 45.00 | NOTE | |||
r-oldrel-macos-x86_64 | 0.9.45 | 81.00 | NOTE | |||
r-oldrel-windows-ix86+x86_64 | 0.9.45 | 50.00 | 126.00 | 176.00 | NOTE |
Version: 0.9.45
Check: package dependencies
Result: NOTE
Package which this enhances but not available for checking: 'ARTP'
Flavors: r-devel-linux-x86_64-debian-clang, r-devel-linux-x86_64-debian-gcc, r-devel-linux-x86_64-fedora-clang, r-devel-linux-x86_64-fedora-gcc, r-devel-windows-x86_64, r-patched-linux-x86_64, r-release-linux-x86_64, r-release-macos-arm64, r-release-macos-x86_64, r-release-windows-x86_64, r-oldrel-macos-arm64, r-oldrel-macos-x86_64
Version: 0.9.45
Check: installed package size
Result: NOTE
installed size is 5.9Mb
sub-directories of 1Mb or more:
extdata 3.7Mb
Flavors: r-devel-linux-x86_64-fedora-clang, r-devel-windows-x86_64, r-release-macos-arm64, r-release-macos-x86_64, r-release-windows-x86_64, r-oldrel-macos-arm64, r-oldrel-macos-x86_64, r-oldrel-windows-ix86+x86_64