CRAN Package Check Results for Package ASIP

Last updated on 2023-02-08 23:15:08 CET.

Flavor Version Tinstall Tcheck Ttotal Status Flags
r-devel-linux-x86_64-debian-clang 0.4.9 43.33 304.20 347.53 NOTE
r-devel-linux-x86_64-debian-gcc 0.4.9 32.21 224.36 256.57 NOTE
r-devel-linux-x86_64-fedora-clang 0.4.9 418.70 NOTE
r-devel-linux-x86_64-fedora-gcc 0.4.9 415.57 NOTE
r-devel-windows-x86_64 0.4.9 51.00 305.00 356.00 NOTE
r-patched-linux-x86_64 0.4.9 38.63 293.40 332.03 NOTE
r-release-linux-x86_64 0.4.9 34.65 293.38 328.03 NOTE
r-release-macos-arm64 0.4.9 84.00 NOTE
r-release-macos-x86_64 0.4.9 121.00 NOTE
r-release-windows-x86_64 0.4.9 43.00 314.00 357.00 NOTE
r-oldrel-macos-arm64 0.4.9 55.00 NOTE
r-oldrel-macos-x86_64 0.4.9 99.00 NOTE
r-oldrel-windows-ix86+x86_64 0.4.9 73.00 290.00 363.00 NOTE

Check Details

Version: 0.4.9
Check: LazyData
Result: NOTE
     'LazyData' is specified without a 'data' directory
Flavors: r-devel-linux-x86_64-debian-clang, r-devel-linux-x86_64-debian-gcc, r-devel-linux-x86_64-fedora-clang, r-devel-linux-x86_64-fedora-gcc, r-devel-windows-x86_64, r-patched-linux-x86_64, r-release-linux-x86_64, r-release-macos-arm64, r-release-macos-x86_64, r-release-windows-x86_64, r-oldrel-macos-arm64, r-oldrel-macos-x86_64, r-oldrel-windows-ix86+x86_64