CRAN Package Check Results for Package AhoCorasickTrie

Last updated on 2022-07-04 22:59:05 CEST.

Flavor Version Tinstall Tcheck Ttotal Status Flags
r-devel-linux-x86_64-debian-clang 0.1.2 25.51 43.86 69.37 NOTE
r-devel-linux-x86_64-debian-gcc 0.1.2 18.80 33.98 52.78 NOTE
r-devel-linux-x86_64-fedora-clang 0.1.2 101.33 NOTE
r-devel-linux-x86_64-fedora-gcc 0.1.2 102.73 NOTE
r-devel-windows-x86_64 0.1.2 30.00 88.00 118.00 NOTE
r-patched-linux-x86_64 0.1.2 22.33 42.00 64.33 NOTE
r-release-linux-x86_64 0.1.2 20.89 41.84 62.73 NOTE
r-release-macos-arm64 0.1.2 29.00 NOTE
r-release-macos-x86_64 0.1.2 47.00 NOTE
r-release-windows-x86_64 0.1.2 26.00 91.00 117.00 NOTE
r-oldrel-macos-arm64 0.1.2 40.00 NOTE
r-oldrel-macos-x86_64 0.1.2 68.00 NOTE
r-oldrel-windows-ix86+x86_64 0.1.2 56.00 114.00 170.00 NOTE

Check Details

Version: 0.1.2
Check: LazyData
Result: NOTE
     'LazyData' is specified without a 'data' directory
Flavors: r-devel-linux-x86_64-debian-clang, r-devel-linux-x86_64-debian-gcc, r-devel-linux-x86_64-fedora-clang, r-devel-linux-x86_64-fedora-gcc, r-devel-windows-x86_64, r-patched-linux-x86_64, r-release-linux-x86_64, r-release-macos-arm64, r-release-macos-x86_64, r-release-windows-x86_64, r-oldrel-macos-arm64, r-oldrel-macos-x86_64, r-oldrel-windows-ix86+x86_64

Version: 0.1.2
Check: package dependencies
Result: NOTE
    Package suggested but not available for checking: ‘Biostrings’
Flavor: r-release-macos-arm64

Version: 0.1.2
Check: Rd cross-references
Result: NOTE
    Package unavailable to check Rd xrefs: ‘Biostrings’
Flavor: r-release-macos-arm64