CRAN Package Check Results for Package Amelia

Last updated on 2021-12-07 22:59:22 CET.

Flavor Version Tinstall Tcheck Ttotal Status Flags
r-devel-linux-x86_64-debian-clang 1.8.0 44.05 84.18 128.23 OK
r-devel-linux-x86_64-debian-gcc 1.8.0 32.10 70.39 102.49 OK
r-devel-linux-x86_64-fedora-clang 1.8.0 172.81 NOTE
r-devel-linux-x86_64-fedora-gcc 1.8.0 168.49 OK
r-devel-windows-x86_64-new-UL 1.8.0 63.00 174.00 237.00 OK
r-devel-windows-x86_64-new-TK 1.8.0 OK
r-devel-windows-x86_64-old 1.8.0 54.00 136.00 190.00 OK
r-patched-linux-x86_64 1.8.0 37.80 82.98 120.78 OK
r-release-linux-x86_64 1.8.0 32.44 82.51 114.95 OK
r-release-macos-arm64 1.8.0 NOTE
r-release-macos-x86_64 1.8.0 NOTE
r-release-windows-ix86+x86_64 1.8.0 63.00 128.00 191.00 OK
r-oldrel-macos-x86_64 1.8.0 NOTE
r-oldrel-windows-ix86+x86_64 1.8.0 93.00 123.00 216.00 OK

Check Details

Version: 1.8.0
Check: installed package size
Result: NOTE
     installed size is 5.0Mb
     sub-directories of 1Mb or more:
     doc 1.4Mb
     libs 2.9Mb
Flavors: r-devel-linux-x86_64-fedora-clang, r-release-macos-arm64, r-release-macos-x86_64, r-oldrel-macos-x86_64