CRAN Package Check Results for Package Anthropometry

Last updated on 2021-12-05 22:48:44 CET.

Flavor Version Tinstall Tcheck Ttotal Status Flags
r-devel-linux-x86_64-debian-clang 1.16 16.09 112.54 128.63 ERROR
r-devel-linux-x86_64-debian-gcc 1.16 12.19 91.74 103.93 ERROR
r-devel-linux-x86_64-fedora-clang 1.16 171.47 ERROR
r-devel-linux-x86_64-fedora-gcc 1.16 161.23 ERROR
r-devel-windows-x86_64-new-UL 1.16 34.00 210.00 244.00 ERROR
r-devel-windows-x86_64-new-TK 1.16 ERROR
r-devel-windows-x86_64-old 1.16 24.00 105.00 129.00 ERROR
r-patched-linux-x86_64 1.16 20.86 126.74 147.60 OK
r-release-linux-x86_64 1.16 15.41 133.58 148.99 OK
r-release-macos-arm64 1.16 OK
r-release-macos-x86_64 1.16 OK
r-release-windows-ix86+x86_64 1.16 32.00 217.00 249.00 OK
r-oldrel-macos-x86_64 1.16 OK
r-oldrel-windows-ix86+x86_64 1.16 35.00 216.00 251.00 OK

Check Details

Version: 1.16
Check: examples
Result: ERROR
    Running examples in 'Anthropometry-Ex.R' failed
    The error most likely occurred in:
    
    > base::assign(".ptime", proc.time(), pos = "CheckExEnv")
    > ### Name: HartiganShapes
    > ### Title: Hartigan-Wong k-means for 3D shapes
    > ### Aliases: HartiganShapes
    > ### Keywords: array
    >
    > ### ** Examples
    >
    > #CLUSTERING INDIVIDUALS ACCORDING TO THEIR SHAPE:
    > landmarksNoNa <- na.exclude(landmarksSampleSpaSurv)
    > dim(landmarksNoNa)
    [1] 574 198
    > #[1] 574 198
    > numLandmarks <- (dim(landmarksNoNa)[2]) / 3
    > #[1] 66
    > #As a toy example, only the first 20 individuals are used.
    > landmarksNoNa_First20 <- landmarksNoNa[1:20, ]
    > (numIndiv <- dim(landmarksNoNa_First20)[1])
    [1] 20
    > #[1] 20
    >
    > array3D <- array3Dlandm(numLandmarks, numIndiv, landmarksNoNa_First20)
    Error in dg[, l, k] <- as.matrix(as.vector(matLandm[k, ][seq(l, dim(matLandm)[2] + :
     incorrect number of subscripts
    Calls: array3Dlandm
    Execution halted
Flavors: r-devel-linux-x86_64-debian-clang, r-devel-linux-x86_64-debian-gcc

Version: 1.16
Check: examples
Result: ERROR
    Running examples in ‘Anthropometry-Ex.R’ failed
    The error most likely occurred in:
    
    > ### Name: HartiganShapes
    > ### Title: Hartigan-Wong k-means for 3D shapes
    > ### Aliases: HartiganShapes
    > ### Keywords: array
    >
    > ### ** Examples
    >
    > #CLUSTERING INDIVIDUALS ACCORDING TO THEIR SHAPE:
    > landmarksNoNa <- na.exclude(landmarksSampleSpaSurv)
    > dim(landmarksNoNa)
    [1] 574 198
    > #[1] 574 198
    > numLandmarks <- (dim(landmarksNoNa)[2]) / 3
    > #[1] 66
    > #As a toy example, only the first 20 individuals are used.
    > landmarksNoNa_First20 <- landmarksNoNa[1:20, ]
    > (numIndiv <- dim(landmarksNoNa_First20)[1])
    [1] 20
    > #[1] 20
    >
    > array3D <- array3Dlandm(numLandmarks, numIndiv, landmarksNoNa_First20)
    Error in dg[, l, k] <- as.matrix(as.vector(matLandm[k, ][seq(l, dim(matLandm)[2] + :
     incorrect number of subscripts
    Calls: array3Dlandm
    Execution halted
Flavors: r-devel-linux-x86_64-fedora-clang, r-devel-linux-x86_64-fedora-gcc, r-devel-windows-x86_64-new-UL, r-devel-windows-x86_64-new-TK, r-devel-windows-x86_64-old