Last updated on 2022-05-27 22:51:50 CEST.
Flavor | Version | Tinstall | Tcheck | Ttotal | Status | Flags |
---|---|---|---|---|---|---|
r-devel-linux-x86_64-debian-clang | 1.6 | 14.42 | 209.50 | 223.92 | OK | |
r-devel-linux-x86_64-debian-gcc | 1.6 | 13.24 | 157.99 | 171.23 | OK | |
r-devel-linux-x86_64-fedora-clang | 1.6 | 280.44 | NOTE | |||
r-devel-linux-x86_64-fedora-gcc | 1.6 | 290.70 | NOTE | |||
r-devel-windows-x86_64 | 1.6 | 129.00 | 285.00 | 414.00 | NOTE | |
r-patched-linux-x86_64 | 1.6 | 13.07 | 200.01 | 213.08 | OK | |
r-release-linux-x86_64 | 1.6 | 9.62 | 200.77 | 210.39 | OK | |
r-release-macos-arm64 | 1.6 | 80.00 | NOTE | |||
r-release-macos-x86_64 | 1.6 | 156.00 | NOTE | |||
r-release-windows-x86_64 | 1.6 | 125.00 | 267.00 | 392.00 | NOTE | |
r-oldrel-macos-arm64 | 1.6 | 80.00 | NOTE | |||
r-oldrel-macos-x86_64 | 1.6 | 128.00 | NOTE | |||
r-oldrel-windows-ix86+x86_64 | 1.6 | 34.00 | 288.00 | 322.00 | NOTE |
Version: 1.6
Check: installed package size
Result: NOTE
installed size is 7.2Mb
sub-directories of 1Mb or more:
doc 5.8Mb
Flavors: r-devel-linux-x86_64-fedora-clang, r-devel-windows-x86_64, r-release-macos-arm64, r-release-macos-x86_64, r-release-windows-x86_64, r-oldrel-macos-arm64, r-oldrel-macos-x86_64, r-oldrel-windows-ix86+x86_64
Version: 1.6
Check: dependencies in R code
Result: NOTE
Namespaces in Imports field not imported from:
‘DT’ ‘ggthemes’ ‘shinythemes’ ‘tibble’
All declared Imports should be used.
Flavors: r-devel-linux-x86_64-fedora-clang, r-devel-linux-x86_64-fedora-gcc, r-release-macos-arm64, r-release-macos-x86_64, r-oldrel-macos-arm64, r-oldrel-macos-x86_64