CRAN Package Check Results for Package Arothron

Last updated on 2022-08-18 23:00:42 CEST.

Flavor Version Tinstall Tcheck Ttotal Status Flags
r-devel-linux-x86_64-debian-clang 2.0.3 11.35 122.61 133.96 OK
r-devel-linux-x86_64-debian-gcc 2.0.3 10.37 94.70 105.07 OK
r-devel-linux-x86_64-fedora-clang 2.0.3 173.02 NOTE
r-devel-linux-x86_64-fedora-gcc 2.0.3 175.84 OK
r-devel-windows-x86_64 2.0.3 45.00 162.00 207.00 NOTE
r-patched-linux-x86_64 2.0.3 13.06 116.27 129.33 OK
r-release-linux-x86_64 2.0.3 OK
r-release-macos-arm64 2.0.3 45.00 NOTE
r-release-macos-x86_64 2.0.3 72.00 NOTE
r-release-windows-x86_64 2.0.3 47.00 156.00 203.00 NOTE
r-oldrel-macos-arm64 2.0.3 52.00 NOTE
r-oldrel-macos-x86_64 2.0.3 67.00 NOTE
r-oldrel-windows-ix86+x86_64 2.0.3 29.00 144.00 173.00 NOTE

Check Details

Version: 2.0.3
Check: installed package size
Result: NOTE
     installed size is 5.2Mb
     sub-directories of 1Mb or more:
     data 4.9Mb
Flavors: r-devel-linux-x86_64-fedora-clang, r-devel-windows-x86_64, r-release-macos-arm64, r-release-macos-x86_64, r-release-windows-x86_64, r-oldrel-macos-arm64, r-oldrel-macos-x86_64, r-oldrel-windows-ix86+x86_64