CRAN Package Check Results for Package AssetCorr

Last updated on 2022-01-27 23:00:54 CET.

Flavor Version Tinstall Tcheck Ttotal Status Flags
r-devel-linux-x86_64-debian-clang 1.0.4 10.24 294.53 304.77 OK
r-devel-linux-x86_64-debian-gcc 1.0.4 9.28 210.97 220.25 OK
r-devel-linux-x86_64-fedora-clang 1.0.4 349.59 NOTE
r-devel-linux-x86_64-fedora-gcc 1.0.4 366.97 NOTE
r-devel-windows-x86_64-new-UL 1.0.4 45.00 343.00 388.00 OK
r-devel-windows-x86_64-new-TK 1.0.4 NOTE
r-patched-linux-x86_64 1.0.4 11.81 87.60 99.41 OK
r-release-linux-x86_64 1.0.4 10.15 88.26 98.41 OK
r-release-macos-arm64 1.0.4 NOTE
r-release-macos-x86_64 1.0.4 NOTE
r-release-windows-ix86+x86_64 1.0.4 24.00 108.00 132.00 OK
r-oldrel-macos-x86_64 1.0.4 NOTE
r-oldrel-windows-ix86+x86_64 1.0.4 23.00 110.00 133.00 OK

Check Details

Version: 1.0.4
Check: dependencies in R code
Result: NOTE
    Namespace in Imports field not imported from: ‘knitr’
     All declared Imports should be used.
Flavors: r-devel-linux-x86_64-fedora-clang, r-devel-linux-x86_64-fedora-gcc, r-devel-windows-x86_64-new-TK, r-release-macos-arm64, r-release-macos-x86_64, r-oldrel-macos-x86_64