CRAN Package Check Results for Package AsyK

Last updated on 2021-12-04 22:59:27 CET.

Flavor Version Tinstall Tcheck Ttotal Status Flags
r-devel-linux-x86_64-debian-clang 1.5.4 8.39 63.64 72.03 NOTE
r-devel-linux-x86_64-debian-gcc 1.5.4 7.39 56.40 63.79 NOTE
r-devel-linux-x86_64-fedora-clang 1.5.4 99.33 NOTE
r-devel-linux-x86_64-fedora-gcc 1.5.5 27.91 OK
r-devel-windows-x86_64-new-UL 1.5.4 15.00 101.00 116.00 NOTE
r-devel-windows-x86_64-new-TK 1.5.4 NOTE
r-devel-windows-x86_64-old 1.5.4 15.00 63.00 78.00 NOTE
r-patched-linux-x86_64 1.5.4 9.09 62.59 71.68 NOTE
r-release-linux-x86_64 1.5.4 8.58 62.72 71.30 NOTE
r-release-macos-arm64 1.5.4 NOTE
r-release-macos-x86_64 1.5.4 NOTE
r-release-windows-ix86+x86_64 1.5.4 19.00 87.00 106.00 NOTE
r-oldrel-macos-x86_64 1.5.4 OK
r-oldrel-windows-ix86+x86_64 1.5.4 19.00 82.00 101.00 OK

Check Details

Version: 1.5.4
Check: LazyData
Result: NOTE
     'LazyData' is specified without a 'data' directory
Flavors: r-devel-linux-x86_64-debian-clang, r-devel-linux-x86_64-debian-gcc, r-devel-linux-x86_64-fedora-clang, r-devel-windows-x86_64-new-UL, r-devel-windows-x86_64-new-TK, r-devel-windows-x86_64-old, r-patched-linux-x86_64, r-release-linux-x86_64, r-release-macos-arm64, r-release-macos-x86_64, r-release-windows-ix86+x86_64