Last updated on 2022-05-21 22:58:08 CEST.
Flavor | Version | Tinstall | Tcheck | Ttotal | Status | Flags |
---|---|---|---|---|---|---|
r-devel-linux-x86_64-debian-clang | 1.0.0 | 5.79 | 55.56 | 61.35 | OK | |
r-devel-linux-x86_64-debian-gcc | 1.0.0 | 4.40 | 40.79 | 45.19 | OK | |
r-devel-linux-x86_64-fedora-clang | 1.0.0 | 72.97 | NOTE | |||
r-devel-linux-x86_64-fedora-gcc | 1.0.0 | 67.75 | NOTE | |||
r-devel-windows-x86_64 | 1.0.0 | 18.00 | 89.00 | 107.00 | OK | |
r-patched-linux-x86_64 | 1.0.0 | 5.58 | 50.80 | 56.38 | OK | |
r-release-linux-x86_64 | 1.0.0 | 4.89 | 51.17 | 56.06 | OK | |
r-release-macos-arm64 | 1.0.0 | 42.00 | NOTE | |||
r-release-macos-x86_64 | 1.0.0 | 49.00 | NOTE | |||
r-release-windows-x86_64 | 1.0.0 | 26.00 | 89.00 | 115.00 | OK | |
r-oldrel-macos-arm64 | 1.0.0 | 38.00 | NOTE | |||
r-oldrel-macos-x86_64 | 1.0.0 | 49.00 | NOTE | |||
r-oldrel-windows-ix86+x86_64 | 1.0.0 | 16.00 | 83.00 | 99.00 | OK |
Version: 1.0.0
Check: dependencies in R code
Result: NOTE
Namespaces in Imports field not imported from:
‘DT’ ‘lubridate’ ‘openair’ ‘plotly’
All declared Imports should be used.
Flavors: r-devel-linux-x86_64-fedora-clang, r-devel-linux-x86_64-fedora-gcc, r-release-macos-arm64, r-release-macos-x86_64, r-oldrel-macos-arm64, r-oldrel-macos-x86_64