CRAN Package Check Results for Package AurieLSHGaussian

Last updated on 2024-04-13 21:41:31 CEST.

Flavor Version Tinstall Tcheck Ttotal Status Flags
r-devel-linux-x86_64-debian-clang 0.2.0 5.67 49.94 55.61 NOTE
r-devel-linux-x86_64-debian-gcc 0.2.0 4.72 38.15 42.87 NOTE
r-devel-linux-x86_64-fedora-clang 0.2.0 68.01 NOTE
r-devel-linux-x86_64-fedora-gcc 0.2.0 76.28 NOTE
r-devel-windows-x86_64 0.2.0 7.00 55.00 62.00 NOTE
r-patched-linux-x86_64 0.2.0 4.98 48.73 53.71 NOTE
r-release-linux-x86_64 0.2.0 5.67 47.75 53.42 NOTE
r-release-macos-arm64 0.2.0 26.00 NOTE
r-release-macos-x86_64 0.2.0 36.00 NOTE
r-release-windows-x86_64 0.2.0 8.00 60.00 68.00 NOTE
r-oldrel-macos-arm64 0.2.0 24.00 NOTE
r-oldrel-windows-x86_64 0.2.0 8.00 68.00 76.00 NOTE

Check Details

Version: 0.2.0
Check: LazyData
Result: NOTE 'LazyData' is specified without a 'data' directory Flavors: r-devel-linux-x86_64-debian-clang, r-devel-linux-x86_64-debian-gcc, r-devel-linux-x86_64-fedora-clang, r-devel-linux-x86_64-fedora-gcc, r-devel-windows-x86_64, r-patched-linux-x86_64, r-release-linux-x86_64, r-release-macos-arm64, r-release-macos-x86_64, r-release-windows-x86_64, r-oldrel-macos-arm64, r-oldrel-windows-x86_64