CRAN Package Check Results for Package AurieLSHGaussian

Last updated on 2023-04-01 22:53:34 CEST.

Flavor Version Tinstall Tcheck Ttotal Status Flags
r-devel-linux-x86_64-debian-clang 0.2.0 6.44 49.60 56.04 NOTE
r-devel-linux-x86_64-debian-gcc 0.2.0 4.98 38.19 43.17 NOTE
r-devel-linux-x86_64-fedora-clang 0.2.0 78.36 NOTE
r-devel-linux-x86_64-fedora-gcc 0.2.0 65.64 NOTE
r-devel-windows-x86_64 0.2.0 10.00 77.00 87.00 NOTE
r-patched-linux-x86_64 0.2.0 5.61 47.72 53.33 NOTE
r-release-linux-x86_64 0.2.0 5.62 50.97 56.59 NOTE
r-release-macos-arm64 0.2.0 24.00 NOTE
r-release-macos-x86_64 0.2.0 30.00 NOTE
r-release-windows-x86_64 0.2.0 22.00 88.00 110.00 NOTE
r-oldrel-macos-arm64 0.2.0 26.00 NOTE
r-oldrel-macos-x86_64 0.2.0 44.00 NOTE
r-oldrel-windows-ix86+x86_64 0.2.0 14.00 76.00 90.00 NOTE

Check Details

Version: 0.2.0
Check: LazyData
Result: NOTE
     'LazyData' is specified without a 'data' directory
Flavors: r-devel-linux-x86_64-debian-clang, r-devel-linux-x86_64-debian-gcc, r-devel-linux-x86_64-fedora-clang, r-devel-linux-x86_64-fedora-gcc, r-devel-windows-x86_64, r-patched-linux-x86_64, r-release-linux-x86_64, r-release-macos-arm64, r-release-macos-x86_64, r-release-windows-x86_64, r-oldrel-macos-arm64, r-oldrel-macos-x86_64, r-oldrel-windows-ix86+x86_64