CRAN Package Check Results for Package AzureGraph

Last updated on 2022-01-23 22:49:33 CET.

Flavor Version Tinstall Tcheck Ttotal Status Flags
r-devel-linux-x86_64-debian-clang 1.3.2 12.92 40.59 53.51 OK
r-devel-linux-x86_64-debian-gcc 1.3.2 8.86 35.34 44.20 OK
r-devel-linux-x86_64-fedora-clang 1.3.2 65.63 NOTE
r-devel-linux-x86_64-fedora-gcc 1.3.2 56.91 NOTE
r-devel-windows-x86_64-new-UL 1.3.2 82.00 69.00 151.00 OK
r-devel-windows-x86_64-new-TK 1.3.2 NOTE
r-patched-linux-x86_64 1.3.2 12.04 40.62 52.66 OK
r-release-linux-x86_64 1.3.2 8.22 40.81 49.03 OK
r-release-macos-arm64 1.3.2 NOTE
r-release-macos-x86_64 1.3.2 NOTE
r-release-windows-ix86+x86_64 1.3.2 18.00 44.00 62.00 OK
r-oldrel-macos-x86_64 1.3.2 NOTE
r-oldrel-windows-ix86+x86_64 1.3.2 18.00 54.00 72.00 OK

Check Details

Version: 1.3.2
Check: dependencies in R code
Result: NOTE
    Namespace in Imports field not imported from: ‘curl’
     All declared Imports should be used.
Flavors: r-devel-linux-x86_64-fedora-clang, r-devel-linux-x86_64-fedora-gcc, r-devel-windows-x86_64-new-TK, r-release-macos-arm64, r-release-macos-x86_64, r-oldrel-macos-x86_64