CRAN Package Check Results for Package AzureKeyVault

Last updated on 2022-01-20 22:53:56 CET.

Flavor Version Tinstall Tcheck Ttotal Status Flags
r-devel-linux-x86_64-debian-clang 1.0.5 OK
r-devel-linux-x86_64-debian-gcc 1.0.5 8.49 29.92 38.41 OK
r-devel-linux-x86_64-fedora-clang 1.0.5 62.93 NOTE
r-devel-linux-x86_64-fedora-gcc 1.0.5 53.63 NOTE
r-devel-windows-x86_64-new-UL 1.0.5 85.00 75.00 160.00 OK
r-devel-windows-x86_64-new-TK 1.0.5 NOTE
r-patched-linux-x86_64 1.0.5 14.29 36.42 50.71 OK
r-release-linux-x86_64 1.0.5 9.97 37.21 47.18 OK
r-release-macos-arm64 1.0.5 NOTE
r-release-macos-x86_64 1.0.5 NOTE
r-release-windows-ix86+x86_64 1.0.5 19.00 46.00 65.00 OK
r-oldrel-macos-x86_64 1.0.5 NOTE
r-oldrel-windows-ix86+x86_64 1.0.5 19.00 47.00 66.00 OK

Check Details

Version: 1.0.5
Check: dependencies in R code
Result: NOTE
    Namespaces in Imports field not imported from:
     ‘R6’ ‘jose’ ‘openssl’
     All declared Imports should be used.
Flavors: r-devel-linux-x86_64-fedora-clang, r-devel-linux-x86_64-fedora-gcc, r-devel-windows-x86_64-new-TK, r-release-macos-arm64, r-release-macos-x86_64, r-oldrel-macos-x86_64