CRAN Package Check Results for Package AzureQstor

Last updated on 2022-01-22 22:52:03 CET.

Flavor Version Tinstall Tcheck Ttotal Status Flags
r-devel-linux-x86_64-debian-clang 1.0.1 3.81 35.06 38.87 OK
r-devel-linux-x86_64-debian-gcc 1.0.1 3.36 27.62 30.98 OK
r-devel-linux-x86_64-fedora-clang 1.0.1 48.70 NOTE
r-devel-linux-x86_64-fedora-gcc 1.0.1 39.11 NOTE
r-devel-windows-x86_64-new-UL 1.0.1 29.00 54.00 83.00 OK
r-devel-windows-x86_64-new-TK 1.0.1 NOTE
r-patched-linux-x86_64 1.0.1 8.98 33.53 42.51 OK
r-release-linux-x86_64 1.0.1 3.14 33.99 37.13 OK
r-release-macos-arm64 1.0.1 NOTE
r-release-macos-x86_64 1.0.1 NOTE
r-release-windows-ix86+x86_64 1.0.1 8.00 41.00 49.00 OK
r-oldrel-macos-x86_64 1.0.1 NOTE
r-oldrel-windows-ix86+x86_64 1.0.1 8.00 48.00 56.00 OK

Check Details

Version: 1.0.1
Check: dependencies in R code
Result: NOTE
    Namespaces in Imports field not imported from:
     ‘httr’ ‘openssl’
     All declared Imports should be used.
Flavors: r-devel-linux-x86_64-fedora-clang, r-devel-linux-x86_64-fedora-gcc, r-devel-windows-x86_64-new-TK, r-release-macos-arm64, r-release-macos-x86_64, r-oldrel-macos-x86_64