CRAN Package Check Results for Package AzureVM

Last updated on 2022-01-28 23:00:27 CET.

Flavor Version Tinstall Tcheck Ttotal Status Flags
r-devel-linux-x86_64-debian-clang 2.2.2 7.10 45.24 52.34 OK
r-devel-linux-x86_64-debian-gcc 2.2.2 5.04 35.10 40.14 OK
r-devel-linux-x86_64-fedora-clang 2.2.2 64.67 OK
r-devel-linux-x86_64-fedora-gcc 2.2.2 56.66 OK
r-devel-windows-x86_64-new-UL 2.2.2 72.00 75.00 147.00 OK
r-devel-windows-x86_64-new-TK 2.2.2 OK
r-patched-linux-x86_64 2.2.2 8.51 42.44 50.95 OK
r-release-linux-x86_64 2.2.2 6.33 42.65 48.98 OK
r-release-macos-arm64 2.2.2 OK
r-release-macos-x86_64 2.2.2 NOTE
r-release-windows-ix86+x86_64 2.2.2 13.00 54.00 67.00 OK
r-oldrel-macos-x86_64 2.2.2 OK
r-oldrel-windows-ix86+x86_64 2.2.2 13.00 41.00 54.00 OK

Check Details

Version: 2.2.2
Check: package dependencies
Result: NOTE
    Package suggested but not available for checking: ‘AzureKeyVault’
Flavor: r-release-macos-x86_64