CRAN Package Check Results for Package BBMM

Last updated on 2021-11-26 23:03:17 CET.

Flavor Version Tinstall Tcheck Ttotal Status Flags
r-devel-linux-x86_64-debian-clang 3.0 2.27 26.95 29.22 NOTE
r-devel-linux-x86_64-debian-gcc 3.0 1.77 20.99 22.76 NOTE
r-devel-linux-x86_64-fedora-clang 3.0 46.71 NOTE
r-devel-linux-x86_64-fedora-gcc 3.0 35.44 NOTE
r-devel-windows-x86_64-new-UL 3.0 5.00 59.00 64.00 NOTE
r-devel-windows-x86_64-new-TK 3.0 NOTE
r-devel-windows-x86_64-old 3.0 4.00 43.00 47.00 NOTE
r-patched-linux-x86_64 3.0 2.46 26.07 28.53 NOTE
r-patched-solaris-x86 3.0 68.00 NOTE
r-release-linux-x86_64 3.0 NOTE
r-release-macos-arm64 3.0 NOTE
r-release-macos-x86_64 3.0 NOTE
r-release-windows-ix86+x86_64 3.0 4.00 43.00 47.00 NOTE
r-oldrel-macos-x86_64 3.0 NOTE
r-oldrel-windows-ix86+x86_64 3.0 5.00 41.00 46.00 NOTE

Check Details

Version: 3.0
Check: R code for possible problems
Result: NOTE
    bbmm.contour: no visible global function definition for 'na.omit'
    bbmm.contour: no visible global function definition for 'optimize'
    bbmm.contour: no visible global function definition for 'contour'
    bbmm.contour: no visible global function definition for 'points'
    bbmm.contour: no visible global function definition for 'lines'
    brownian.bridge: no visible global function definition for 'sd'
    brownian.motion.variance: no visible global function definition for
     'optimize'
    Undefined global functions or variables:
     contour lines na.omit optimize points sd
    Consider adding
     importFrom("graphics", "contour", "lines", "points")
     importFrom("stats", "na.omit", "optimize", "sd")
    to your NAMESPACE file.
Flavors: r-devel-linux-x86_64-debian-clang, r-devel-linux-x86_64-debian-gcc, r-devel-linux-x86_64-fedora-clang, r-devel-linux-x86_64-fedora-gcc, r-devel-windows-x86_64-new-UL, r-devel-windows-x86_64-new-TK, r-devel-windows-x86_64-old, r-patched-linux-x86_64, r-patched-solaris-x86, r-release-linux-x86_64, r-release-macos-arm64, r-release-macos-x86_64, r-release-windows-ix86+x86_64, r-oldrel-macos-x86_64, r-oldrel-windows-ix86+x86_64