Last updated on 2022-05-27 22:51:51 CEST.
Flavor | Version | Tinstall | Tcheck | Ttotal | Status | Flags |
---|---|---|---|---|---|---|
r-devel-linux-x86_64-debian-clang | 1.4.8 | 14.46 | 111.87 | 126.33 | OK | |
r-devel-linux-x86_64-debian-gcc | 1.4.8 | 11.70 | 82.93 | 94.63 | OK | |
r-devel-linux-x86_64-fedora-clang | 1.4.8 | 161.11 | NOTE | |||
r-devel-linux-x86_64-fedora-gcc | 1.4.8 | 157.16 | OK | |||
r-devel-windows-x86_64 | 1.4.8 | 55.00 | 136.00 | 191.00 | OK | |
r-patched-linux-x86_64 | 1.4.8 | 14.64 | 104.33 | 118.97 | OK | |
r-release-linux-x86_64 | 1.4.8 | 12.99 | 104.27 | 117.26 | OK | |
r-release-macos-arm64 | 1.4.8 | 46.00 | OK | |||
r-release-macos-x86_64 | 1.4.8 | 63.00 | OK | |||
r-release-windows-x86_64 | 1.4.8 | 53.00 | 137.00 | 190.00 | OK | |
r-oldrel-macos-arm64 | 1.4.8 | 39.00 | OK | |||
r-oldrel-macos-x86_64 | 1.4.8 | 62.00 | OK | |||
r-oldrel-windows-ix86+x86_64 | 1.4.8 | 31.00 | 127.00 | 158.00 | OK |
Version: 1.4.8
Check: Rd cross-references
Result: NOTE
Undeclared package ‘RCurl’ in Rd xrefs
Flavor: r-devel-linux-x86_64-fedora-clang