CRAN Package Check Results for Package BETS

Last updated on 2022-01-23 22:49:34 CET.

Flavor Version Tinstall Tcheck Ttotal Status Flags
r-devel-linux-x86_64-debian-clang 0.4.9 20.06 152.23 172.29 NOTE
r-devel-linux-x86_64-debian-gcc 0.4.9 15.93 125.00 140.93 NOTE
r-devel-linux-x86_64-fedora-clang 0.4.9 204.80 NOTE
r-devel-linux-x86_64-fedora-gcc 0.4.9 191.49 NOTE
r-devel-windows-x86_64-new-UL 0.4.9 78.00 181.00 259.00 NOTE
r-devel-windows-x86_64-new-TK 0.4.9 NOTE
r-patched-linux-x86_64 0.4.9 22.88 142.79 165.67 NOTE
r-release-linux-x86_64 0.4.9 18.00 144.31 162.31 NOTE
r-release-macos-arm64 0.4.9 NOTE
r-release-macos-x86_64 0.4.9 NOTE
r-release-windows-ix86+x86_64 0.4.9 42.00 172.00 214.00 NOTE
r-oldrel-macos-x86_64 0.4.9 OK
r-oldrel-windows-ix86+x86_64 0.4.9 44.00 178.00 222.00 OK

Check Details

Version: 0.4.9
Check: LazyData
Result: NOTE
     'LazyData' is specified without a 'data' directory
Flavors: r-devel-linux-x86_64-debian-clang, r-devel-linux-x86_64-debian-gcc, r-devel-linux-x86_64-fedora-clang, r-devel-linux-x86_64-fedora-gcc, r-devel-windows-x86_64-new-UL, r-devel-windows-x86_64-new-TK, r-patched-linux-x86_64, r-release-linux-x86_64, r-release-macos-arm64, r-release-macos-x86_64, r-release-windows-ix86+x86_64

Version: 0.4.9
Check: package dependencies
Result: NOTE
    Imports includes 27 non-default packages.
    Importing from so many packages makes the package vulnerable to any of
    them becoming unavailable. Move as many as possible to Suggests and
    use conditionally.
Flavor: r-devel-linux-x86_64-fedora-clang