CRAN Package Check Results for Package BGVAR

Last updated on 2021-12-02 22:55:46 CET.

Flavor Version Tinstall Tcheck Ttotal Status Flags
r-devel-linux-x86_64-debian-clang 2.4.3 117.61 282.65 400.26 NOTE
r-devel-linux-x86_64-debian-gcc 2.4.3 88.66 202.69 291.35 NOTE
r-devel-linux-x86_64-fedora-clang 2.4.3 545.47 NOTE
r-devel-linux-x86_64-fedora-gcc 2.4.3 519.19 NOTE
r-devel-windows-x86_64-new-UL 2.4.3 152.00 352.00 504.00 NOTE
r-devel-windows-x86_64-new-TK 2.4.3 NOTE
r-devel-windows-x86_64-old 2.4.3 150.00 262.00 412.00 NOTE
r-patched-linux-x86_64 2.4.3 105.26 270.76 376.02 NOTE
r-patched-solaris-x86 2.4.3 383.70 NOTE
r-release-linux-x86_64 2.4.3 98.93 266.98 365.91 NOTE
r-release-macos-arm64 2.4.3 NOTE
r-release-macos-x86_64 2.4.3 NOTE
r-release-windows-ix86+x86_64 2.4.3 24.00 11.00 35.00 ERROR
r-oldrel-macos-x86_64 2.4.3 NOTE
r-oldrel-windows-ix86+x86_64 2.4.3 271.00 411.00 682.00 NOTE

Check Details

Version: 2.4.3
Check: for GNU extensions in Makefiles
Result: NOTE
    GNU make is a SystemRequirements.
Flavors: r-devel-linux-x86_64-debian-clang, r-devel-linux-x86_64-debian-gcc, r-devel-linux-x86_64-fedora-clang, r-devel-linux-x86_64-fedora-gcc, r-devel-windows-x86_64-new-UL, r-devel-windows-x86_64-new-TK, r-devel-windows-x86_64-old, r-patched-linux-x86_64, r-patched-solaris-x86, r-release-linux-x86_64, r-release-macos-arm64, r-release-macos-x86_64, r-oldrel-macos-x86_64, r-oldrel-windows-ix86+x86_64

Version: 2.4.3
Check: installed package size
Result: NOTE
     installed size is 10.0Mb
     sub-directories of 1Mb or more:
     data 1.1Mb
     doc 2.9Mb
     libs 5.5Mb
Flavors: r-devel-linux-x86_64-fedora-clang, r-devel-windows-x86_64-new-UL, r-devel-windows-x86_64-old, r-patched-solaris-x86, r-release-macos-arm64, r-release-macos-x86_64, r-oldrel-macos-x86_64, r-oldrel-windows-ix86+x86_64

Version: 2.4.3
Check: data for non-ASCII characters
Result: NOTE
     Note: found 772 marked UTF-8 strings
Flavors: r-devel-linux-x86_64-fedora-clang, r-devel-linux-x86_64-fedora-gcc, r-devel-windows-x86_64-new-TK, r-patched-solaris-x86, r-release-macos-arm64, r-release-macos-x86_64, r-oldrel-macos-x86_64

Version: 2.4.3
Check: whether package can be installed
Result: ERROR
    Installation failed.
Flavor: r-release-windows-ix86+x86_64