CRAN Package Check Results for Package BIOMASS

Last updated on 2021-12-02 22:55:46 CET.

Flavor Version Tinstall Tcheck Ttotal Status Flags
r-devel-linux-x86_64-debian-clang 2.1.6 31.04 300.63 331.67 ERROR
r-devel-linux-x86_64-debian-gcc 2.1.6 23.49 223.00 246.49 OK
r-devel-linux-x86_64-fedora-clang 2.1.6 417.67 NOTE
r-devel-linux-x86_64-fedora-gcc 2.1.6 401.23 OK
r-devel-windows-x86_64-new-UL 2.1.6 46.00 334.00 380.00 ERROR --no-vignettes
r-devel-windows-x86_64-new-TK 2.1.6 ERROR
r-devel-windows-x86_64-old 2.1.6 42.00 194.00 236.00 ERROR --no-vignettes
r-patched-linux-x86_64 2.1.6 28.34 286.68 315.02 OK
r-patched-solaris-x86 2.1.6 420.40 OK
r-release-linux-x86_64 2.1.6 29.02 290.31 319.33 OK
r-release-macos-arm64 2.1.6 OK
r-release-macos-x86_64 2.1.6 OK
r-release-windows-ix86+x86_64 2.1.6 59.00 278.00 337.00 OK --no-vignettes
r-oldrel-macos-x86_64 2.1.6 OK
r-oldrel-windows-ix86+x86_64 2.1.6 63.00 296.00 359.00 OK --no-vignettes

Check Details

Version: 2.1.6
Check: tests
Result: ERROR
     Running 'testthat.R' [29s/27s]
    Running the tests in 'tests/testthat.R' failed.
    Complete output:
     > library(testthat)
     > library(BIOMASS)
     Using temporary cache
     It is recommended to use a permanent cache to avoid to re-download files on each session.
     See function createCache() or BIOMASS.cache option.
     >
     > test_check("BIOMASS")
     trying URL 'https://github.com/umr-amap/BIOMASS/raw/master/data-raw/climate_variable/E.zip'
     Content type 'application/zip' length 31208287 bytes (29.8 MB)
     ==================================================
     downloaded 29.8 MB
    
     == Failed tests ================================================================
     -- Error (test_01_small_function.R:196:3): compute Feld Region -----------------
     Error in `as.vector(factorValues(RAST, RASTval, att = "Region"))[, 1]`: incorrect number of dimensions
     Backtrace:
     x
     1. +-testthat::expect_equal(unique(computeFeldRegion(coord)), "SEAsia") test_01_small_function.R:196:2
     2. | \-testthat::quasi_label(enquo(object), label, arg = "object")
     3. | \-rlang::eval_bare(expr, quo_get_env(quo))
     4. +-base::unique(computeFeldRegion(coord))
     5. \-BIOMASS::computeFeldRegion(coord)
    
     [ FAIL 1 | WARN 8 | SKIP 0 | PASS 437 ]
     Error: Test failures
     Execution halted
Flavor: r-devel-linux-x86_64-debian-clang

Version: 2.1.6
Check: Rd cross-references
Result: NOTE
    Undeclared package ‘lmfor’ in Rd xrefs
Flavor: r-devel-linux-x86_64-fedora-clang

Version: 2.1.6
Flags: --no-vignettes
Check: tests
Result: ERROR
     Running 'testthat.R' [14s]
    Running the tests in 'tests/testthat.R' failed.
    Complete output:
     > library(testthat)
     > library(BIOMASS)
     Using user data cache C:\Users\CRAN\AppData\Local\R\BIOMASS
     To clear or remove cache see function clearCache().
     >
     > test_check("BIOMASS")
     == Failed tests ================================================================
     -- Error (test_01_small_function.R:196:3): compute Feld Region -----------------
     Error in `as.vector(factorValues(RAST, RASTval, att = "Region"))[, 1]`: incorrect number of dimensions
     Backtrace:
     x
     1. +-testthat::expect_equal(unique(computeFeldRegion(coord)), "SEAsia") test_01_small_function.R:196:2
     2. | \-testthat::quasi_label(enquo(object), label, arg = "object")
     3. | \-rlang::eval_bare(expr, quo_get_env(quo))
     4. +-base::unique(computeFeldRegion(coord))
     5. \-BIOMASS::computeFeldRegion(coord)
    
     [ FAIL 1 | WARN 8 | SKIP 0 | PASS 437 ]
     Error: Test failures
     Execution halted
Flavor: r-devel-windows-x86_64-old