CRAN Package Check Results for Package BLCOP

Last updated on 2022-01-27 23:00:55 CET.

Flavor Version Tinstall Tcheck Ttotal Status Flags
r-devel-linux-x86_64-debian-clang 0.3.3 14.29 124.00 138.29 OK
r-devel-linux-x86_64-debian-gcc 0.3.3 11.52 93.34 104.86 OK
r-devel-linux-x86_64-fedora-clang 0.3.3 175.18 NOTE
r-devel-linux-x86_64-fedora-gcc 0.3.3 163.53 NOTE
r-devel-windows-x86_64-new-UL 0.3.3 32.00 148.00 180.00 OK
r-devel-windows-x86_64-new-TK 0.3.3 NOTE
r-patched-linux-x86_64 0.3.3 11.92 109.77 121.69 OK
r-release-linux-x86_64 0.3.3 9.29 109.77 119.06 OK
r-release-macos-arm64 0.3.3 NOTE
r-release-macos-x86_64 0.3.3 NOTE
r-release-windows-ix86+x86_64 0.3.3 21.00 130.00 151.00 OK
r-oldrel-macos-x86_64 0.3.3 NOTE
r-oldrel-windows-ix86+x86_64 0.3.3 32.00 133.00 165.00 OK

Check Details

Version: 0.3.3
Check: dependencies in R code
Result: NOTE
    Namespaces in Imports field not imported from:
     ‘knitr’ ‘rmarkdown’
     All declared Imports should be used.
Flavors: r-devel-linux-x86_64-fedora-clang, r-devel-linux-x86_64-fedora-gcc, r-devel-windows-x86_64-new-TK, r-release-macos-arm64, r-release-macos-x86_64, r-oldrel-macos-x86_64