CRAN Package Check Results for Package BMTME

Last updated on 2021-12-02 22:55:47 CET.

Flavor Version Tinstall Tcheck Ttotal Status Flags
r-devel-linux-x86_64-debian-clang 1.0.19 35.22 82.35 117.57 OK
r-devel-linux-x86_64-debian-gcc 1.0.19 27.73 60.44 88.17 OK
r-devel-linux-x86_64-fedora-clang 1.0.19 140.37 OK --no-tests
r-devel-linux-x86_64-fedora-gcc 1.0.19 123.97 OK --no-tests
r-devel-windows-x86_64-new-UL 1.0.19 58.00 153.00 211.00 ERROR
r-devel-windows-x86_64-new-TK 1.0.19 ERROR
r-devel-windows-x86_64-old 1.0.19 49.00 91.00 140.00 OK
r-patched-linux-x86_64 1.0.19 32.88 76.49 109.37 OK
r-patched-solaris-x86 1.0.19 197.10 OK
r-release-linux-x86_64 1.0.19 34.25 77.91 112.16 OK
r-release-macos-arm64 1.0.19 OK
r-release-macos-x86_64 1.0.19 OK
r-release-windows-ix86+x86_64 1.0.19 90.00 182.00 272.00 OK
r-oldrel-macos-x86_64 1.0.19 OK
r-oldrel-windows-ix86+x86_64 1.0.19 92.00 180.00 272.00 OK

Check Details

Version: 1.0.19
Check: tests
Result: ERROR
     Running 'testthat.R' [37s]
    Running the tests in 'tests/testthat.R' failed.
    Complete output:
     > library(testthat)
     > library(BMTME)
     >
     > test_check("BMTME")
     ══ Failed tests ════════════════════════════════════════════════════════════════
     ── Error (test.R:347:5): BMORS function with Wheat full data ───────────────────
     Error in `{
     CVBMORS(Y, testingSet, ETA, nIter, burnIn, thin, predictor_Sec_complete,
     covModel, digits, actual_CV, progressBar = FALSE, NULL)
     }`: task 4 failed - "cannot open the connection"
     Backtrace:
     █
     1. └─BMTME::BMORS(...) test.R:347:4
     2. └─`%dopar%`(...)
     3. └─e$fun(obj, substitute(ex), parent.frame(), e$data)
    
     [ FAIL 1 | WARN 0 | SKIP 0 | PASS 162 ]
     Error: Test failures
     Execution halted
Flavor: r-devel-windows-x86_64-new-UL

Version: 1.0.19
Check: tests
Result: ERROR
     Running 'testthat.R'
    Running the tests in 'tests/testthat.R' failed.
    Complete output:
     > library(testthat)
     > library(BMTME)
     >
     > test_check("BMTME")
     ══ Failed tests ════════════════════════════════════════════════════════════════
     ── Error (test.R:152:5): BME function with Mada data ───────────────────────────
     Error in `Rmpi::mpi.comm.spawn(slave = mpitask, slavearg = args, nslaves = count,
     intercomm = intercomm)`: Internal MPI error!, error stack:
     MPI_Comm_spawn(cmd="C:/r_packages/rinst/bin/x64/Rscript.exe", argv=0x000000001E46B508, maxprocs=2, MPI_INFO_NULL, root=0, MPI_COMM_SELF, intercomm=0x0000000011B6F528, errors=0x0000000011F3C4D0) failed
     Internal MPI error! FAILspawn not supported without process manager
     Backtrace:
     █
     1. └─BMTME::BME(...) test.R:152:4
     2. └─snow::makeCluster(parallelCores)
     3. └─snow::makeMPIcluster(spec, ...)
     4. └─Rmpi::mpi.comm.spawn(...)
     ── Error (test.R:264:5): BMTME function with Iranian data ──────────────────────
     Error in `Rmpi::mpi.comm.spawn(slave = mpitask, slavearg = args, nslaves = count,
     intercomm = intercomm)`: Internal MPI error!, error stack:
     MPI_Comm_spawn(cmd="C:/r_packages/rinst/bin/x64/Rscript.exe", argv=0x000000001E6150C8, maxprocs=2, MPI_INFO_NULL, root=0, MPI_COMM_SELF, intercomm=0x0000000011B6F528, errors=0x0000000011F3C3B0) failed
     Internal MPI error! FAILspawn not supported without process manager
     Backtrace:
     █
     1. └─BMTME::BMTME(...) test.R:264:4
     2. └─snow::makeCluster(parallelCores)
     3. └─snow::makeMPIcluster(spec, ...)
     4. └─Rmpi::mpi.comm.spawn(...)
     ── Error (test.R:347:5): BMORS function with Wheat full data ───────────────────
     Error in `Rmpi::mpi.comm.spawn(slave = mpitask, slavearg = args, nslaves = count,
     intercomm = intercomm)`: Internal MPI error!, error stack:
     MPI_Comm_spawn(cmd="C:/r_packages/rinst/bin/x64/Rscript.exe", argv=0x000000001C85FAA8, maxprocs=2, MPI_INFO_NULL, root=0, MPI_COMM_SELF, intercomm=0x0000000011B6F528, errors=0x0000000011F3C640) failed
     Internal MPI error! FAILspawn not supported without process manager
     Backtrace:
     █
     1. └─BMTME::BMORS(...) test.R:347:4
     2. └─snow::makeCluster(parallelCores)
     3. └─snow::makeMPIcluster(spec, ...)
     4. └─Rmpi::mpi.comm.spawn(...)
    
     [ FAIL 3 | WARN 0 | SKIP 0 | PASS 148 ]
     Error: Test failures
     Execution halted
Flavor: r-devel-windows-x86_64-new-TK