Last updated on 2023-12-08 23:08:04 CET.
Flavor | Version | Tinstall | Tcheck | Ttotal | Status | Flags |
---|---|---|---|---|---|---|
r-devel-linux-x86_64-debian-clang | 2.2.3 | 78.97 | 150.77 | 229.74 | OK | |
r-devel-linux-x86_64-debian-gcc | 2.2.3 | 79.61 | 109.86 | 189.47 | OK | |
r-devel-linux-x86_64-fedora-clang | 2.2.3 | 268.15 | OK | |||
r-devel-linux-x86_64-fedora-gcc | 2.2.3 | 329.80 | OK | |||
r-devel-windows-x86_64 | 2.2.3 | 71.00 | 124.00 | 195.00 | OK | |
r-patched-linux-x86_64 | 2.2.3 | 77.15 | 143.75 | 220.90 | OK | |
r-release-linux-x86_64 | 2.2.3 | 82.11 | 141.21 | 223.32 | OK | |
r-release-macos-arm64 | 2.2.3 | 81.00 | NOTE | |||
r-release-macos-x86_64 | 2.2.3 | 160.00 | NOTE | |||
r-release-windows-x86_64 | 2.2.3 | 90.00 | 146.00 | 236.00 | OK | |
r-oldrel-macos-arm64 | 2.2.3 | 124.00 | NOTE | |||
r-oldrel-macos-x86_64 | 2.2.3 | 181.00 | NOTE | |||
r-oldrel-windows-x86_64 | 2.2.3 | 88.00 | 140.00 | 228.00 | OK |
Version: 2.2.3
Check: installed package size
Result: NOTE
installed size is 5.2Mb
sub-directories of 1Mb or more:
libs 4.8Mb
Flavors: r-release-macos-arm64, r-release-macos-x86_64, r-oldrel-macos-arm64, r-oldrel-macos-x86_64