CRAN Package Check Results for Package BatchGetSymbols

Last updated on 2022-01-21 23:01:43 CET.

Flavor Version Tinstall Tcheck Ttotal Status Flags
r-devel-linux-x86_64-debian-clang 2.6.1 4.39 63.68 68.07 NOTE
r-devel-linux-x86_64-debian-gcc 2.6.1 3.52 48.54 52.06 NOTE
r-devel-linux-x86_64-fedora-clang 2.6.1 86.89 NOTE
r-devel-linux-x86_64-fedora-gcc 2.6.1 69.09 NOTE
r-devel-windows-x86_64-new-UL 2.6.1 48.00 90.00 138.00 NOTE
r-devel-windows-x86_64-new-TK 2.6.1 NOTE
r-patched-linux-x86_64 2.6.1 4.18 59.19 63.37 NOTE
r-release-linux-x86_64 2.6.1 3.79 60.05 63.84 NOTE
r-release-macos-arm64 2.6.1 NOTE
r-release-macos-x86_64 2.6.1 NOTE
r-release-windows-ix86+x86_64 2.6.1 12.00 78.00 90.00 NOTE
r-oldrel-macos-x86_64 2.6.1 OK
r-oldrel-windows-ix86+x86_64 2.6.1 13.00 79.00 92.00 OK

Check Details

Version: 2.6.1
Check: LazyData
Result: NOTE
     'LazyData' is specified without a 'data' directory
Flavors: r-devel-linux-x86_64-debian-clang, r-devel-linux-x86_64-debian-gcc, r-devel-linux-x86_64-fedora-clang, r-devel-linux-x86_64-fedora-gcc, r-devel-windows-x86_64-new-UL, r-devel-windows-x86_64-new-TK, r-patched-linux-x86_64, r-release-linux-x86_64, r-release-macos-arm64, r-release-macos-x86_64, r-release-windows-ix86+x86_64