CRAN Package Check Results for Package BatchJobs

Last updated on 2022-01-23 22:49:34 CET.

Flavor Version Tinstall Tcheck Ttotal Status Flags
r-devel-linux-x86_64-debian-clang 1.8 10.80 222.52 233.32 NOTE
r-devel-linux-x86_64-debian-gcc 1.8 8.59 210.67 219.26 NOTE
r-devel-linux-x86_64-fedora-clang 1.8 276.50 NOTE
r-devel-linux-x86_64-fedora-gcc 1.8 265.75 NOTE
r-devel-windows-x86_64-new-UL 1.8 185.00 373.00 558.00 NOTE
r-devel-windows-x86_64-new-TK 1.8 NOTE
r-patched-linux-x86_64 1.8 10.75 211.32 222.07 NOTE
r-release-linux-x86_64 1.8 10.87 214.75 225.62 NOTE
r-release-macos-arm64 1.8 NOTE
r-release-macos-x86_64 1.8 NOTE
r-release-windows-ix86+x86_64 1.8 20.00 282.00 302.00 NOTE
r-oldrel-macos-x86_64 1.8 OK
r-oldrel-windows-ix86+x86_64 1.8 20.00 267.00 287.00 OK

Check Details

Version: 1.8
Check: LazyData
Result: NOTE
     'LazyData' is specified without a 'data' directory
Flavors: r-devel-linux-x86_64-debian-clang, r-devel-linux-x86_64-debian-gcc, r-devel-linux-x86_64-fedora-clang, r-devel-linux-x86_64-fedora-gcc, r-devel-windows-x86_64-new-UL, r-devel-windows-x86_64-new-TK, r-patched-linux-x86_64, r-release-linux-x86_64, r-release-macos-arm64, r-release-macos-x86_64, r-release-windows-ix86+x86_64