CRAN Package Check Results for Package BayesMallows

Last updated on 2021-12-01 22:53:04 CET.

Flavor Version Tinstall Tcheck Ttotal Status Flags
r-devel-linux-x86_64-debian-clang 1.0.4 170.22 116.19 286.41 OK
r-devel-linux-x86_64-debian-gcc 1.0.4 122.92 84.92 207.84 OK
r-devel-linux-x86_64-fedora-clang 1.0.4 451.03 NOTE
r-devel-linux-x86_64-fedora-gcc 1.0.4 407.00 OK
r-devel-windows-x86_64-new-UL 1.0.4 228.00 217.00 445.00 OK
r-devel-windows-x86_64-new-TK 1.0.4 OK
r-devel-windows-x86_64-old 1.0.4 219.00 118.00 337.00 OK
r-patched-linux-x86_64 1.0.4 142.21 107.95 250.16 OK
r-patched-solaris-x86 1.0.4 356.60 OK
r-release-linux-x86_64 1.0.4 147.02 108.57 255.59 OK
r-release-macos-arm64 1.0.4 NOTE
r-release-macos-x86_64 1.0.4 NOTE
r-release-windows-ix86+x86_64 1.0.4 435.00 249.00 684.00 OK
r-oldrel-macos-x86_64 1.0.4 NOTE
r-oldrel-windows-ix86+x86_64 1.0.4 434.00 243.00 677.00 OK

Check Details

Version: 1.0.4
Check: installed package size
Result: NOTE
     installed size is 7.1Mb
     sub-directories of 1Mb or more:
     doc 1.5Mb
     libs 5.0Mb
Flavors: r-devel-linux-x86_64-fedora-clang, r-release-macos-arm64, r-release-macos-x86_64, r-oldrel-macos-x86_64