Last updated on 2022-05-23 22:58:09 CEST.
Flavor | Version | Tinstall | Tcheck | Ttotal | Status | Flags |
---|---|---|---|---|---|---|
r-devel-linux-x86_64-debian-clang | 1.1.2 | 429.20 | 342.71 | 771.91 | OK | |
r-devel-linux-x86_64-debian-gcc | 1.1.2 | 329.28 | 242.63 | 571.91 | OK | |
r-devel-linux-x86_64-fedora-clang | 1.1.2 | 1062.54 | NOTE | |||
r-devel-linux-x86_64-fedora-gcc | 1.1.2 | 963.51 | OK | |||
r-devel-windows-x86_64 | 1.1.2 | 407.00 | 435.00 | 842.00 | OK | |
r-patched-linux-x86_64 | 1.1.2 | 342.46 | 324.60 | 667.06 | OK | |
r-release-linux-x86_64 | 1.1.2 | OK | ||||
r-release-macos-arm64 | 1.1.2 | 253.00 | NOTE | |||
r-release-macos-x86_64 | 1.1.2 | 335.00 | NOTE | |||
r-release-windows-x86_64 | 1.1.2 | 389.00 | 435.00 | 824.00 | OK | |
r-oldrel-macos-arm64 | 1.1.2 | 185.00 | NOTE | |||
r-oldrel-macos-x86_64 | 1.1.2 | 290.00 | NOTE | |||
r-oldrel-windows-ix86+x86_64 | 1.1.2 | 1009.00 | 576.00 | 1585.00 | NOTE |
Version: 1.1.2
Check: installed package size
Result: NOTE
installed size is 12.1Mb
sub-directories of 1Mb or more:
doc 1.7Mb
libs 9.6Mb
Flavors: r-devel-linux-x86_64-fedora-clang, r-release-macos-arm64, r-release-macos-x86_64, r-oldrel-macos-arm64, r-oldrel-macos-x86_64, r-oldrel-windows-ix86+x86_64