CRAN Package Check Results for Package BayesOrdDesign

Last updated on 2022-01-25 22:56:50 CET.

Flavor Version Tinstall Tcheck Ttotal Status Flags
r-devel-linux-x86_64-debian-clang 0.1.0 13.41 136.86 150.27 OK
r-devel-linux-x86_64-debian-gcc 0.1.0 12.39 116.68 129.07 OK
r-devel-linux-x86_64-fedora-clang 0.1.0 174.37 NOTE
r-devel-linux-x86_64-fedora-gcc 0.1.0 167.94 NOTE
r-devel-windows-x86_64-new-UL 0.1.0 55.00 147.00 202.00 OK
r-devel-windows-x86_64-new-TK 0.1.0 NOTE
r-patched-linux-x86_64 0.1.0 9.17 124.32 133.49 OK
r-release-linux-x86_64 0.1.0 9.28 125.19 134.47 OK
r-release-macos-arm64 0.1.0 NOTE
r-release-macos-x86_64 0.1.0 NOTE
r-release-windows-ix86+x86_64 0.1.0 32.00 149.00 181.00 OK
r-oldrel-macos-x86_64 0.1.0 NOTE
r-oldrel-windows-ix86+x86_64 0.1.0 36.00 153.00 189.00 OK

Check Details

Version: 0.1.0
Check: dependencies in R code
Result: NOTE
    Namespaces in Imports field not imported from:
     ‘fda’ ‘tidyverse’
     All declared Imports should be used.
Flavors: r-devel-linux-x86_64-fedora-clang, r-devel-linux-x86_64-fedora-gcc, r-devel-windows-x86_64-new-TK, r-release-macos-arm64, r-release-macos-x86_64, r-oldrel-macos-x86_64