Last updated on 2022-05-21 22:58:08 CEST.
Flavor | Version | Tinstall | Tcheck | Ttotal | Status | Flags |
---|---|---|---|---|---|---|
r-devel-linux-x86_64-debian-clang | 0.1.4 | 53.59 | 137.19 | 190.78 | OK | |
r-devel-linux-x86_64-debian-gcc | 0.1.4 | 44.68 | 102.56 | 147.24 | OK | |
r-devel-linux-x86_64-fedora-clang | 0.1.4 | 248.29 | NOTE | |||
r-devel-linux-x86_64-fedora-gcc | 0.1.4 | 231.59 | NOTE | |||
r-devel-windows-x86_64 | 0.1.4 | 73.00 | 168.00 | 241.00 | OK | |
r-patched-linux-x86_64 | 0.1.4 | 46.80 | 129.29 | 176.09 | OK | |
r-release-linux-x86_64 | 0.1.4 | 48.88 | 128.83 | 177.71 | OK | |
r-release-macos-arm64 | 0.1.4 | 59.00 | NOTE | |||
r-release-macos-x86_64 | 0.1.4 | 125.00 | NOTE | |||
r-release-windows-x86_64 | 0.1.4 | 75.00 | 165.00 | 240.00 | OK | |
r-oldrel-macos-arm64 | 0.1.4 | 46.00 | NOTE | |||
r-oldrel-macos-x86_64 | 0.1.4 | 79.00 | NOTE | |||
r-oldrel-windows-ix86+x86_64 | 0.1.4 | 138.00 | 200.00 | 338.00 | OK |
Version: 0.1.4
Check: dependencies in R code
Result: NOTE
Namespace in Imports field not imported from: ‘Rcpp’
All declared Imports should be used.
Flavors: r-devel-linux-x86_64-fedora-clang, r-devel-linux-x86_64-fedora-gcc, r-release-macos-arm64, r-release-macos-x86_64, r-oldrel-macos-arm64, r-oldrel-macos-x86_64