CRAN Package Check Results for Package BayesianAnimalTracker

Last updated on 2021-11-26 23:03:17 CET.

Flavor Version Tinstall Tcheck Ttotal Status Flags
r-devel-linux-x86_64-debian-clang 1.2 7.08 70.64 77.72 NOTE
r-devel-linux-x86_64-debian-gcc 1.2 5.94 53.39 59.33 NOTE
r-devel-linux-x86_64-fedora-clang 1.2 102.02 NOTE
r-devel-linux-x86_64-fedora-gcc 1.2 91.65 NOTE
r-devel-windows-x86_64-new-UL 1.2 22.00 112.00 134.00 NOTE
r-devel-windows-x86_64-new-TK 1.2 NOTE
r-devel-windows-x86_64-old 1.2 11.00 77.00 88.00 NOTE
r-patched-linux-x86_64 1.2 13.57 66.47 80.04 NOTE
r-patched-solaris-x86 1.2 129.20 NOTE
r-release-linux-x86_64 1.2 NOTE
r-release-macos-arm64 1.2 NOTE
r-release-macos-x86_64 1.2 NOTE
r-release-windows-ix86+x86_64 1.2 17.00 97.00 114.00 NOTE
r-oldrel-macos-x86_64 1.2 NOTE
r-oldrel-windows-ix86+x86_64 1.2 17.00 93.00 110.00 NOTE

Check Details

Version: 1.2
Check: R code for possible problems
Result: NOTE
    BMAnimalTrack: no visible global function definition for 'nlm'
    BMAnimalTrack: no visible global function definition for 'qnorm'
    dataSim: no visible global function definition for 'rnorm'
    rBBridge: no visible global function definition for 'rnorm'
    rBMotion: no visible global function definition for 'rnorm'
    Undefined global functions or variables:
     nlm qnorm rnorm
    Consider adding
     importFrom("stats", "nlm", "qnorm", "rnorm")
    to your NAMESPACE file.
Flavors: r-devel-linux-x86_64-debian-clang, r-devel-linux-x86_64-debian-gcc, r-devel-linux-x86_64-fedora-clang, r-devel-linux-x86_64-fedora-gcc, r-devel-windows-x86_64-new-UL, r-devel-windows-x86_64-new-TK, r-devel-windows-x86_64-old, r-patched-linux-x86_64, r-patched-solaris-x86, r-release-linux-x86_64, r-release-macos-arm64, r-release-macos-x86_64, r-release-windows-ix86+x86_64, r-oldrel-macos-x86_64, r-oldrel-windows-ix86+x86_64