Last updated on 2022-07-05 22:50:17 CEST.
Flavor | Version | Tinstall | Tcheck | Ttotal | Status | Flags |
---|---|---|---|---|---|---|
r-devel-linux-x86_64-debian-clang | 1.0.10 | 4.01 | 64.59 | 68.60 | NOTE | |
r-devel-linux-x86_64-debian-gcc | 1.0.10 | 3.67 | 50.91 | 54.58 | NOTE | |
r-devel-linux-x86_64-fedora-clang | 1.0.10 | 95.32 | NOTE | |||
r-devel-linux-x86_64-fedora-gcc | 1.0.10 | 95.46 | NOTE | |||
r-devel-windows-x86_64 | 1.0.10 | 16.00 | 91.00 | 107.00 | OK | |
r-patched-linux-x86_64 | 1.0.10 | 5.95 | 62.28 | 68.23 | NOTE | |
r-release-linux-x86_64 | 1.0.10 | 5.09 | 62.60 | 67.69 | NOTE | |
r-release-macos-arm64 | 1.0.10 | 30.00 | OK | |||
r-release-macos-x86_64 | 1.0.10 | 48.00 | OK | |||
r-release-windows-x86_64 | 1.0.10 | 15.00 | 101.00 | 116.00 | OK | |
r-oldrel-macos-arm64 | 1.0.10 | 36.00 | OK | |||
r-oldrel-macos-x86_64 | 1.0.10 | 63.00 | OK | |||
r-oldrel-windows-ix86+x86_64 | 1.0.10 | 12.00 | 91.00 | 103.00 | OK |
Version: 1.0.10
Check: for non-standard things in the check directory
Result: NOTE
Found the following files/directories:
'fabiabreast.txt'
Flavors: r-devel-linux-x86_64-debian-clang, r-devel-linux-x86_64-debian-gcc, r-devel-linux-x86_64-fedora-clang, r-devel-linux-x86_64-fedora-gcc, r-patched-linux-x86_64, r-release-linux-x86_64