CRAN Package Check Results for Package BeSS

Last updated on 2024-02-25 23:02:01 CET.

Flavor Version Tinstall Tcheck Ttotal Status Flags
r-devel-linux-x86_64-debian-clang 2.0.4 103.35 96.31 199.66 OK
r-devel-linux-x86_64-debian-gcc 2.0.4 81.84 79.89 161.73 OK
r-devel-linux-x86_64-fedora-clang 2.0.4 248.15 OK
r-devel-linux-x86_64-fedora-gcc 2.0.4 280.77 OK
r-devel-windows-x86_64 2.0.4 69.00 119.00 188.00 OK
r-patched-linux-x86_64 2.0.4 110.59 102.93 213.52 OK
r-release-linux-x86_64 2.0.4 103.36 102.51 205.87 OK
r-release-macos-arm64 2.0.4 75.00 NOTE
r-release-macos-x86_64 2.0.4 171.00 NOTE
r-release-windows-x86_64 2.0.4 91.00 139.00 230.00 OK
r-oldrel-macos-arm64 2.0.4 73.00 NOTE
r-oldrel-windows-x86_64 2.0.4 86.00 137.00 223.00 OK

Check Details

Version: 2.0.4
Check: installed package size
Result: NOTE installed size is 25.4Mb sub-directories of 1Mb or more: libs 24.4Mb Flavors: r-release-macos-arm64, r-release-macos-x86_64, r-oldrel-macos-arm64