Last updated on 2022-05-22 22:51:34 CEST.
Flavor | Version | Tinstall | Tcheck | Ttotal | Status | Flags |
---|---|---|---|---|---|---|
r-devel-linux-x86_64-debian-clang | 2.3 | 13.96 | 100.33 | 114.29 | OK | |
r-devel-linux-x86_64-debian-gcc | 2.3 | 9.20 | 75.73 | 84.93 | OK | |
r-devel-linux-x86_64-fedora-clang | 2.3 | 131.34 | NOTE | |||
r-devel-linux-x86_64-fedora-gcc | 2.3 | 136.81 | OK | |||
r-devel-windows-x86_64 | 2.3 | 51.00 | 119.00 | 170.00 | OK | |
r-patched-linux-x86_64 | 2.3 | 10.64 | 95.30 | 105.94 | OK | |
r-release-linux-x86_64 | 2.3 | 9.41 | 94.28 | 103.69 | OK | |
r-release-macos-arm64 | 2.3 | 36.00 | OK | |||
r-release-macos-x86_64 | 2.3 | 52.00 | OK | |||
r-release-windows-x86_64 | 2.3 | 70.00 | 120.00 | 190.00 | OK | |
r-oldrel-macos-arm64 | 2.3 | 45.00 | OK | |||
r-oldrel-macos-x86_64 | 2.3 | 76.00 | OK | |||
r-oldrel-windows-ix86+x86_64 | 2.3 | 22.00 | 114.00 | 136.00 | OK |
Version: 2.3
Check: Rd cross-references
Result: NOTE
Undeclared packages ‘CountsEPPM’, ‘betareg’ in Rd xrefs
Flavor: r-devel-linux-x86_64-fedora-clang