CRAN Package Check Results for Package Bioi

Last updated on 2022-07-04 22:59:07 CEST.

Flavor Version Tinstall Tcheck Ttotal Status Flags
r-devel-linux-x86_64-debian-clang 0.2.10 32.01 68.79 100.80 NOTE
r-devel-linux-x86_64-debian-gcc 0.2.10 23.55 50.79 74.34 NOTE
r-devel-linux-x86_64-fedora-clang 0.2.10 139.06 NOTE
r-devel-linux-x86_64-fedora-gcc 0.2.10 128.54 NOTE
r-devel-windows-x86_64 0.2.10 34.00 122.00 156.00 NOTE
r-patched-linux-x86_64 0.2.10 28.65 64.66 93.31 NOTE
r-release-linux-x86_64 0.2.10 25.50 64.61 90.11 NOTE
r-release-macos-arm64 0.2.10 38.00 NOTE
r-release-macos-x86_64 0.2.10 68.00 NOTE
r-release-windows-x86_64 0.2.10 36.00 116.00 152.00 NOTE
r-oldrel-macos-arm64 0.2.10 48.00 NOTE
r-oldrel-macos-x86_64 0.2.10 69.00 NOTE
r-oldrel-windows-ix86+x86_64 0.2.10 76.00 134.00 210.00 NOTE

Check Details

Version: 0.2.10
Check: LazyData
Result: NOTE
     'LazyData' is specified without a 'data' directory
Flavors: r-devel-linux-x86_64-debian-clang, r-devel-linux-x86_64-debian-gcc, r-devel-linux-x86_64-fedora-clang, r-devel-linux-x86_64-fedora-gcc, r-devel-windows-x86_64, r-patched-linux-x86_64, r-release-linux-x86_64, r-release-macos-arm64, r-release-macos-x86_64, r-release-windows-x86_64, r-oldrel-macos-arm64, r-oldrel-macos-x86_64, r-oldrel-windows-ix86+x86_64