CRAN Package Check Results for Package BradleyTerry2

Last updated on 2022-01-27 23:00:55 CET.

Flavor Version Tinstall Tcheck Ttotal Status Flags
r-devel-linux-x86_64-debian-clang 1.1-2 13.11 125.70 138.81 OK
r-devel-linux-x86_64-debian-gcc 1.1-2 11.11 96.02 107.13 OK
r-devel-linux-x86_64-fedora-clang 1.1-2 162.60 OK
r-devel-linux-x86_64-fedora-gcc 1.1-2 162.23 OK
r-devel-windows-x86_64-new-UL 1.1-2 83.00 167.00 250.00 OK
r-devel-windows-x86_64-new-TK 1.1-2 ERROR
r-patched-linux-x86_64 1.1-2 9.73 117.21 126.94 OK
r-release-linux-x86_64 1.1-2 8.10 117.69 125.79 OK
r-release-macos-arm64 1.1-2 OK
r-release-macos-x86_64 1.1-2 OK
r-release-windows-ix86+x86_64 1.1-2 24.00 138.00 162.00 OK
r-oldrel-macos-x86_64 1.1-2 OK
r-oldrel-windows-ix86+x86_64 1.1-2 24.00 141.00 165.00 OK

Check Details

Version: 1.1-2
Check: package dependencies
Result: ERROR
    Package required but not available: 'lme4'
    
    See section 'The DESCRIPTION file' in the 'Writing R Extensions'
    manual.
Flavor: r-devel-windows-x86_64-new-TK