Last updated on 2022-05-27 22:51:51 CEST.
Flavor | Version | Tinstall | Tcheck | Ttotal | Status | Flags |
---|---|---|---|---|---|---|
r-devel-linux-x86_64-debian-clang | 0.32.1 | 23.18 | 273.80 | 296.98 | OK | |
r-devel-linux-x86_64-debian-gcc | 0.32.1 | 17.39 | 199.30 | 216.69 | OK | |
r-devel-linux-x86_64-fedora-clang | 0.32.1 | 345.95 | NOTE | |||
r-devel-linux-x86_64-fedora-gcc | 0.32.1 | 359.17 | NOTE | |||
r-devel-windows-x86_64 | 0.32.1 | 108.00 | 316.00 | 424.00 | OK | |
r-patched-linux-x86_64 | 0.32.1 | 22.62 | 257.66 | 280.28 | OK | |
r-release-linux-x86_64 | 0.32.1 | 15.99 | 255.27 | 271.26 | OK | |
r-release-macos-arm64 | 0.32.1 | 100.00 | NOTE | |||
r-release-macos-x86_64 | 0.32.1 | 183.00 | NOTE | |||
r-release-windows-x86_64 | 0.32.1 | 129.00 | 334.00 | 463.00 | OK | |
r-oldrel-macos-arm64 | 0.32.1 | 112.00 | NOTE | |||
r-oldrel-macos-x86_64 | 0.32.1 | 144.00 | NOTE | |||
r-oldrel-windows-ix86+x86_64 | 0.32.1 | 49.00 | 305.00 | 354.00 | OK |
Version: 0.32.1
Check: dependencies in R code
Result: NOTE
Namespace in Imports field not imported from: ‘mathjaxr’
All declared Imports should be used.
Flavors: r-devel-linux-x86_64-fedora-clang, r-devel-linux-x86_64-fedora-gcc, r-release-macos-arm64, r-release-macos-x86_64, r-oldrel-macos-arm64, r-oldrel-macos-x86_64