CRAN Package Check Results for Package BrazilMet

Last updated on 2022-05-15 22:51:32 CEST.

Flavor Version Tinstall Tcheck Ttotal Status Flags
r-devel-linux-x86_64-debian-clang 0.1.0 5.96 60.62 66.58 NOTE
r-devel-linux-x86_64-debian-gcc 0.1.0 4.85 45.17 50.02 NOTE
r-devel-linux-x86_64-fedora-clang 0.1.0 86.09 NOTE
r-devel-linux-x86_64-fedora-gcc 0.1.0 78.41 NOTE
r-devel-windows-x86_64 0.1.0 21.00 78.00 99.00 NOTE
r-patched-linux-x86_64 0.1.0 5.59 56.47 62.06 NOTE
r-release-linux-x86_64 0.1.0 5.62 56.61 62.23 NOTE
r-release-macos-arm64 0.1.0 26.00 NOTE
r-release-macos-x86_64 0.1.0 41.00 NOTE
r-release-windows-x86_64 0.1.0 22.00 78.00 100.00 NOTE
r-oldrel-macos-arm64 0.1.0 28.00 NOTE
r-oldrel-macos-x86_64 0.1.0 39.00 NOTE
r-oldrel-windows-ix86+x86_64 0.1.0 15.00 71.00 86.00 NOTE

Check Details

Version: 0.1.0
Check: LazyData
Result: NOTE
     'LazyData' is specified without a 'data' directory
Flavors: r-devel-linux-x86_64-debian-clang, r-devel-linux-x86_64-debian-gcc, r-devel-linux-x86_64-fedora-clang, r-devel-linux-x86_64-fedora-gcc, r-devel-windows-x86_64, r-patched-linux-x86_64, r-release-linux-x86_64, r-release-macos-arm64, r-release-macos-x86_64, r-release-windows-x86_64, r-oldrel-macos-arm64, r-oldrel-macos-x86_64, r-oldrel-windows-ix86+x86_64

Version: 0.1.0
Check: dependencies in R code
Result: NOTE
    Namespace in Imports field not imported from: ‘tidyr’
     All declared Imports should be used.
Flavors: r-devel-linux-x86_64-fedora-clang, r-devel-linux-x86_64-fedora-gcc, r-release-macos-arm64, r-release-macos-x86_64, r-oldrel-macos-arm64, r-oldrel-macos-x86_64