CRAN Package Check Results for Package Buddle

Last updated on 2021-12-06 21:51:08 CET.

Flavor Version Tinstall Tcheck Ttotal Status Flags
r-devel-linux-x86_64-debian-clang 2.0.1 45.88 31.85 77.73 OK
r-devel-linux-x86_64-debian-gcc 2.0.1 36.71 31.26 67.97 OK
r-devel-linux-x86_64-fedora-clang 2.0.1 123.29 OK
r-devel-linux-x86_64-fedora-gcc 2.0.1 116.51 OK
r-devel-windows-x86_64-new-UL 2.0.1 57.00 91.00 148.00 OK
r-devel-windows-x86_64-new-TK 2.0.1 OK
r-devel-windows-x86_64-old 2.0.1 61.00 45.00 106.00 OK
r-patched-linux-x86_64 2.0.1 40.37 32.18 72.55 OK
r-release-linux-x86_64 2.0.1 42.62 39.64 82.26 OK
r-release-macos-arm64 2.0.1 NOTE
r-release-macos-x86_64 2.0.1 NOTE
r-release-windows-ix86+x86_64 2.0.1 116.00 78.00 194.00 OK
r-oldrel-macos-x86_64 2.0.1 NOTE
r-oldrel-windows-ix86+x86_64 2.0.1 111.00 81.00 192.00 OK

Check Details

Version: 2.0.1
Check: installed package size
Result: NOTE
     installed size is 5.6Mb
     sub-directories of 1Mb or more:
     libs 5.4Mb
Flavors: r-release-macos-arm64, r-release-macos-x86_64, r-oldrel-macos-x86_64