CRAN Package Check Results for Package BusinessDuration

Last updated on 2021-12-04 22:59:29 CET.

Flavor Version Tinstall Tcheck Ttotal Status Flags
r-devel-linux-x86_64-debian-clang 0.2.0 2.26 20.45 22.71 NOTE
r-devel-linux-x86_64-debian-gcc 0.2.0 1.73 22.70 24.43 NOTE
r-devel-linux-x86_64-fedora-clang 0.2.0 39.13 NOTE
r-devel-linux-x86_64-fedora-gcc 0.2.0 29.25 NOTE
r-devel-windows-x86_64-new-UL 0.2.0 6.00 53.00 59.00 NOTE
r-devel-windows-x86_64-new-TK 0.2.0 NOTE
r-devel-windows-x86_64-old 0.2.0 4.00 29.00 33.00 NOTE
r-patched-linux-x86_64 0.2.0 2.03 20.25 22.28 NOTE
r-release-linux-x86_64 0.2.0 2.24 19.76 22.00 NOTE
r-release-macos-arm64 0.2.0 NOTE
r-release-macos-x86_64 0.2.0 NOTE
r-release-windows-ix86+x86_64 0.2.0 5.00 37.00 42.00 NOTE
r-oldrel-macos-x86_64 0.2.0 OK
r-oldrel-windows-ix86+x86_64 0.2.0 6.00 36.00 42.00 OK

Check Details

Version: 0.2.0
Check: LazyData
Result: NOTE
     'LazyData' is specified without a 'data' directory
Flavors: r-devel-linux-x86_64-debian-clang, r-devel-linux-x86_64-debian-gcc, r-devel-linux-x86_64-fedora-clang, r-devel-linux-x86_64-fedora-gcc, r-devel-windows-x86_64-new-UL, r-devel-windows-x86_64-new-TK, r-devel-windows-x86_64-old, r-patched-linux-x86_64, r-release-linux-x86_64, r-release-macos-arm64, r-release-macos-x86_64, r-release-windows-ix86+x86_64