Last updated on 2023-04-01 22:53:36 CEST.
Flavor | Version | Tinstall | Tcheck | Ttotal | Status | Flags |
---|---|---|---|---|---|---|
r-devel-linux-x86_64-debian-clang | 0.1.1 | 2.71 | 24.35 | 27.06 | OK | |
r-devel-linux-x86_64-debian-gcc | 0.1.1 | 1.81 | 19.19 | 21.00 | OK | |
r-devel-linux-x86_64-fedora-clang | 0.1.1 | 34.64 | NOTE | |||
r-devel-linux-x86_64-fedora-gcc | 0.1.1 | 32.99 | NOTE | |||
r-devel-windows-x86_64 | 0.1.1 | 6.00 | 53.00 | 59.00 | OK | |
r-patched-linux-x86_64 | 0.1.1 | 2.22 | 23.62 | 25.84 | OK | |
r-release-linux-x86_64 | 0.1.1 | 2.06 | 25.25 | 27.31 | OK | |
r-release-macos-arm64 | 0.1.1 | 16.00 | NOTE | |||
r-release-macos-x86_64 | 0.1.1 | 22.00 | NOTE | |||
r-release-windows-x86_64 | 0.1.1 | 18.00 | 61.00 | 79.00 | OK | |
r-oldrel-macos-arm64 | 0.1.1 | 19.00 | NOTE | |||
r-oldrel-macos-x86_64 | 0.1.1 | 25.00 | NOTE | |||
r-oldrel-windows-ix86+x86_64 | 0.1.1 | 6.00 | 50.00 | 56.00 | OK |
Version: 0.1.1
Check: dependencies in R code
Result: NOTE
Namespaces in Imports field not imported from:
‘igraph’ ‘reshape2’
All declared Imports should be used.
Flavors: r-devel-linux-x86_64-fedora-clang, r-devel-linux-x86_64-fedora-gcc, r-release-macos-arm64, r-release-macos-x86_64, r-oldrel-macos-arm64, r-oldrel-macos-x86_64