Last updated on 2023-09-21 23:03:15 CEST.
Flavor | Version | Tinstall | Tcheck | Ttotal | Status | Flags |
---|---|---|---|---|---|---|
r-devel-linux-x86_64-debian-clang | 0.8.1 | 19.64 | 431.22 | 450.86 | OK | |
r-devel-linux-x86_64-debian-gcc | 0.8.1 | 15.37 | 337.36 | 352.73 | OK | |
r-devel-linux-x86_64-fedora-clang | 0.8.1 | 563.05 | NOTE | |||
r-devel-linux-x86_64-fedora-gcc | 0.8.1 | 568.12 | OK | |||
r-devel-windows-x86_64 | 0.8.1 | 16.00 | 334.00 | 350.00 | OK | |
r-patched-linux-x86_64 | 0.8.1 | 22.61 | 430.90 | 453.51 | OK | |
r-release-linux-x86_64 | 0.8.1 | 12.42 | 439.07 | 451.49 | OK | |
r-release-macos-arm64 | 0.8.1 | 189.00 | OK | |||
r-release-macos-x86_64 | 0.8.1 | 355.00 | OK | |||
r-release-windows-x86_64 | 0.8.1 | 22.00 | 429.00 | 451.00 | OK | |
r-oldrel-macos-arm64 | 0.8.1 | 183.00 | OK | |||
r-oldrel-macos-x86_64 | 0.8.1 | 214.00 | OK | |||
r-oldrel-windows-x86_64 | 0.8.1 | 23.00 | 417.00 | 440.00 | OK |
Version: 0.8.1
Check: installed package size
Result: NOTE
installed size is 5.0Mb
sub-directories of 1Mb or more:
doc 2.8Mb
extdata 1.9Mb
Flavor: r-devel-linux-x86_64-fedora-clang