CRAN Package Check Results for Package CATkit

Last updated on 2021-11-28 22:51:10 CET.

Flavor Version Tinstall Tcheck Ttotal Status Flags
r-devel-linux-x86_64-debian-clang 3.3.3 NOTE
r-devel-linux-x86_64-debian-gcc 3.3.3 14.64 96.48 111.12 NOTE
r-devel-linux-x86_64-fedora-clang 3.3.3 187.60 NOTE
r-devel-linux-x86_64-fedora-gcc 3.3.3 176.16 NOTE
r-devel-windows-x86_64-new-UL 3.3.3 32.00 164.00 196.00 NOTE
r-devel-windows-x86_64-new-TK 3.3.3 NOTE
r-devel-windows-x86_64-old 3.3.3 22.00 127.00 149.00 NOTE
r-patched-linux-x86_64 3.3.3 11.18 121.58 132.76 NOTE
r-patched-solaris-x86 3.3.3 237.80 NOTE
r-release-linux-x86_64 3.3.3 16.14 121.75 137.89 NOTE
r-release-macos-arm64 3.3.3 NOTE
r-release-macos-x86_64 3.3.3 NOTE
r-release-windows-ix86+x86_64 3.3.3 38.00 148.00 186.00 NOTE
r-oldrel-macos-x86_64 3.3.3 OK
r-oldrel-windows-ix86+x86_64 3.3.3 37.00 154.00 191.00 OK

Check Details

Version: 3.3.3
Check: LazyData
Result: NOTE
     'LazyData' is specified without a 'data' directory
Flavors: r-devel-linux-x86_64-debian-clang, r-devel-linux-x86_64-debian-gcc, r-devel-linux-x86_64-fedora-clang, r-devel-linux-x86_64-fedora-gcc, r-devel-windows-x86_64-new-UL, r-devel-windows-x86_64-new-TK, r-devel-windows-x86_64-old, r-patched-linux-x86_64, r-patched-solaris-x86, r-release-linux-x86_64, r-release-macos-arm64, r-release-macos-x86_64, r-release-windows-ix86+x86_64