CRAN Package Check Results for Package CAinterprTools

Last updated on 2022-01-28 23:00:29 CET.

Flavor Version Tinstall Tcheck Ttotal Status Flags
r-devel-linux-x86_64-debian-clang 1.1.0 17.48 144.17 161.65 OK
r-devel-linux-x86_64-debian-gcc 1.1.0 13.39 111.90 125.29 OK
r-devel-linux-x86_64-fedora-clang 1.1.0 179.84 OK
r-devel-linux-x86_64-fedora-gcc 1.1.0 182.05 OK
r-devel-windows-x86_64-new-UL 1.1.0 130.00 164.00 294.00 OK
r-devel-windows-x86_64-new-TK 1.1.0 ERROR
r-patched-linux-x86_64 1.1.0 12.58 126.50 139.08 OK
r-release-linux-x86_64 1.1.0 13.94 126.68 140.62 OK
r-release-macos-arm64 1.1.0 OK
r-release-macos-x86_64 1.1.0 OK
r-release-windows-ix86+x86_64 1.1.0 35.00 155.00 190.00 OK
r-oldrel-macos-x86_64 1.1.0 OK
r-oldrel-windows-ix86+x86_64 1.1.0 36.00 156.00 192.00 OK

Check Details

Version: 1.1.0
Check: package dependencies
Result: ERROR
    Packages required but not available: 'FactoMineR', 'RcmdrMisc'
    
    See section 'The DESCRIPTION file' in the 'Writing R Extensions'
    manual.
Flavor: r-devel-windows-x86_64-new-TK