CRAN Package Check Results for Package CDM

Last updated on 2022-01-24 22:56:21 CET.

Flavor Version Tinstall Tcheck Ttotal Status Flags
r-devel-linux-x86_64-debian-clang 7.5-15 157.31 167.31 324.62 OK
r-devel-linux-x86_64-debian-gcc 7.5-15 111.52 124.92 236.44 OK
r-devel-linux-x86_64-fedora-clang 7.5-15 504.68 NOTE
r-devel-linux-x86_64-fedora-gcc 7.5-15 417.28 OK
r-devel-windows-x86_64-new-UL 7.5-15 330.00 214.00 544.00 OK
r-devel-windows-x86_64-new-TK 7.5-15 NOTE
r-patched-linux-x86_64 7.5-15 140.66 162.91 303.57 OK
r-release-linux-x86_64 7.5-15 138.15 162.89 301.04 OK
r-release-macos-arm64 7.5-15 NOTE
r-release-macos-x86_64 7.5-15 NOTE
r-release-windows-ix86+x86_64 7.5-15 380.00 237.00 617.00 NOTE
r-oldrel-macos-x86_64 7.5-15 NOTE
r-oldrel-windows-ix86+x86_64 7.5-15 381.00 228.00 609.00 NOTE

Check Details

Version: 7.5-15
Check: installed package size
Result: NOTE
     installed size is 6.1Mb
     sub-directories of 1Mb or more:
     data 1.3Mb
     libs 3.3Mb
Flavors: r-devel-linux-x86_64-fedora-clang, r-release-macos-arm64, r-release-macos-x86_64, r-release-windows-ix86+x86_64, r-oldrel-macos-x86_64, r-oldrel-windows-ix86+x86_64

Version: 7.5-15
Check: Rd cross-references
Result: NOTE
    Undeclared package ‘car’ in Rd xrefs
Flavor: r-devel-linux-x86_64-fedora-clang

Version: 7.5-15
Check: Rd cross-references
Result: NOTE
    Package unavailable to check Rd xrefs: 'car'
Flavor: r-devel-windows-x86_64-new-TK