CRAN Package Check Results for Package CDatanet

Last updated on 2022-01-28 23:00:29 CET.

Flavor Version Tinstall Tcheck Ttotal Status Flags
r-devel-linux-x86_64-debian-clang 0.0.1 94.93 125.65 220.58 NOTE
r-devel-linux-x86_64-debian-gcc 0.0.1 69.45 97.99 167.44 NOTE
r-devel-linux-x86_64-fedora-clang 0.0.1 295.33 NOTE
r-devel-linux-x86_64-fedora-gcc 0.0.1 263.03 NOTE
r-devel-windows-x86_64-new-UL 0.0.1 104.00 180.00 284.00 NOTE
r-devel-windows-x86_64-new-TK 0.0.1 NOTE
r-patched-linux-x86_64 0.0.1 61.64 106.10 167.74 NOTE
r-release-linux-x86_64 0.0.1 62.28 105.47 167.75 NOTE
r-release-macos-arm64 0.0.1 NOTE
r-release-macos-x86_64 0.0.1 NOTE
r-release-windows-ix86+x86_64 0.0.1 229.00 169.00 398.00 NOTE
r-oldrel-macos-x86_64 0.0.1 NOTE
r-oldrel-windows-ix86+x86_64 0.0.1 226.00 168.00 394.00 OK

Check Details

Version: 0.0.1
Check: LazyData
Result: NOTE
     'LazyData' is specified without a 'data' directory
Flavors: r-devel-linux-x86_64-debian-clang, r-devel-linux-x86_64-debian-gcc, r-devel-linux-x86_64-fedora-clang, r-devel-linux-x86_64-fedora-gcc, r-devel-windows-x86_64-new-UL, r-devel-windows-x86_64-new-TK, r-patched-linux-x86_64, r-release-linux-x86_64, r-release-macos-arm64, r-release-macos-x86_64, r-release-windows-ix86+x86_64

Version: 0.0.1
Check: installed package size
Result: NOTE
     installed size is 6.7Mb
     sub-directories of 1Mb or more:
     libs 5.8Mb
Flavors: r-devel-linux-x86_64-fedora-clang, r-release-macos-arm64, r-release-macos-x86_64, r-oldrel-macos-x86_64

Version: 0.0.1
Check: dependencies in R code
Result: NOTE
    Namespace in Imports field not imported from: ‘formula.tools’
     All declared Imports should be used.
Flavors: r-devel-linux-x86_64-fedora-clang, r-devel-linux-x86_64-fedora-gcc, r-devel-windows-x86_64-new-TK, r-release-macos-arm64, r-release-macos-x86_64, r-oldrel-macos-x86_64